{"id":1269,"date":"2021-11-29T15:11:24","date_gmt":"2021-11-29T14:11:24","guid":{"rendered":"https:\/\/cusstawiski.pl\/?page_id=1269"},"modified":"2025-03-10T14:50:12","modified_gmt":"2025-03-10T13:50:12","slug":"organizacja-spolecznosci-lokalnej","status":"publish","type":"page","link":"https:\/\/cusstawiski.pl\/?page_id=1269","title":{"rendered":"Organizacja spo\u0142eczno\u015bci lokalnej"},"content":{"rendered":"<h1 style=\"text-align: center;\"><strong>ORGANIZACJA SPO\u0141ECZNO\u015aCI LOKALNEJ<\/strong><\/h1>\n<p>W zwi\u0105zku z przekszta\u0142ceniem O\u015brodka Pomocy Spo\u0142ecznej w Stawiskach w Centrum Us\u0142ug Spo\u0142ecznych w Stawiskach, Organizowanie Spo\u0142eczno\u015bci Lokalnej znalaz\u0142o si\u0119 na mocy ustawy w strukturach organizacyjnych CUS Stawiski. Wa\u017cnym zadaniem organizatora spo\u0142eczno\u015bci lokalnej jest wzmacnianie potencja\u0142u gminnej wsp\u00f3lnoty samorz\u0105dowej w &nbsp;zakresie dzia\u0142a\u0144 o charakterze wolontariackim, samopomocowym i s\u0105siedzkim jako form wsparcia spo\u0142ecznego uzupe\u0142niaj\u0105cego us\u0142ugi spo\u0142eczne \u015bwiadczone na rzecz mieszka\u0144c\u00f3w przez specjalist\u00f3w: pracownik\u00f3w socjalnych, psychoterapeut\u00f3w, pedagog\u00f3w spo\u0142ecznych, asystent\u00f3w rodziny,<\/p>\n<p>asystent\u00f3w os\u00f3b niepe\u0142nosprawnych i przedstawicieli innych profesji i zawod\u00f3w pomocowych. Dzi\u0119ki zaanga\u017cowaniu organizatora spo\u0142eczno\u015bci lokalnej takie wsparcie spo\u0142eczne b\u0119dzie dost\u0119pne w centrum us\u0142ug spo\u0142ecznych w ramach spersonalizowanych pakiet\u00f3w us\u0142ugowych, kt\u00f3re ustawodawca okre\u015bli\u0142 mianem indywidualnych plan\u00f3w us\u0142ug spo\u0142ecznych (IPUS).<\/p>\n<p><span style=\"color: #002c5b;\"><strong>Do zada\u0144 organizatora spo\u0142eczno\u015bci lokalnej nale\u017cy w szczeg\u00f3lno\u015bci:<\/strong><\/span><\/p>\n<ol>\n<li>prowadzenie na bie\u017c\u0105co rozeznania:<br \/>\na) potrzeb wsp\u00f3lnoty samorz\u0105dowej w zakresie dzia\u0142a\u0144 wspieraj\u0105cych,<br \/>\nb) potencja\u0142u wsp\u00f3lnoty samorz\u0105dowej w zakresie dzia\u0142a\u0144 wspieraj\u0105cych;<\/li>\n<li>opracowywanie, w oparciu o wnioski wynikaj\u0105ce z rozeznania potrzeb i potencja\u0142u wsp\u00f3lnoty samorz\u0105dowej w zakresie dzia\u0142a\u0144 wspieraj\u0105cych, planu organizowania spo\u0142eczno\u015bci lokalnej i jego aktualizacji oraz realizacja tego planu;<\/li>\n<li>podejmowanie dzia\u0142a\u0144 w celu aktywizacji wsp\u00f3lnoty samorz\u0105dowej, w szczeg\u00f3lno\u015bci organizowanie dzia\u0142a\u0144 wspieraj\u0105cych;<\/li>\n<li>inicjowanie innych ni\u017c okre\u015blone w pkt 3 dzia\u0142a\u0144 zmierzaj\u0105cych do wzmocnienia wi\u0119zi spo\u0142ecznych i integracji wsp\u00f3lnoty samorz\u0105dowej;<\/li>\n<li>wsp\u00f3\u0142praca z podmiotami prowadz\u0105cymi na obszarze dzia\u0142ania centrum animacj\u0119 lokaln\u0105 inne formy pracy \u015brodowiskowej.<\/li>\n<\/ol>\n<p><span style=\"color: #002c5b;\"><strong>Przyk\u0142adowe formy dzia\u0142a\u0144 wspieraj\u0105cych<\/strong><\/span><\/p>\n<p><span style=\"color: #002c5b;\"><strong>1. Dla senior\u00f3w:<\/strong><\/span><\/p>\n<ul>\n<li>Wsparcie w dzia\u0142alno\u015bci Klubu Seniora+<\/li>\n<li>wspieranie klubu wolontariusza, zrzeszaj\u0105cego wolontariuszy \u015bwiadcz\u0105cych pomoc osobom starszym oraz senior\u00f3w chc\u0105cych pomaga\u0107 innym.<\/li>\n<\/ul>\n<p><span style=\"color: #002c5b;\"><strong>2. Dla os\u00f3b z niepe\u0142nosprawno\u015bci\u0105 i ich rodzin:<\/strong><\/span><\/p>\n<ul>\n<li>Wspieranie os\u00f3b z niepe\u0142nosprawno\u015bci\u0105<\/li>\n<li>Dzia\u0142ania animacyjne.<\/li>\n<li>Imprezy integracyjne.<\/li>\n<li>Kampanie spo\u0142eczne.<\/li>\n<\/ul>\n<p><span style=\"color: #002c5b;\"><strong>3. Dla spo\u0142eczno\u015bci terytorialnej:<\/strong><\/span><\/p>\n<ul>\n<li>Dzia\u0142ania animacyjne, s\u0142u\u017c\u0105ce pobudzaniu ludzi do dzia\u0142ania, inicjowanie spotka\u0144 obywatelskich i grup obywatelskich.<\/li>\n<li>Warsztaty edukacyjne.<\/li>\n<li>Wydarzenia s\u0105siedzkie, organizowane z udzia\u0142em mieszka\u0144c\u00f3w.<\/li>\n<li>Grupy samopomocowe.<\/li>\n<\/ul>\n<p><span style=\"color: #002c5b;\"><strong>Organizowanie spo\u0142eczno\u015bci lokalnej<\/strong><\/span> (OSL) \u2013 metoda \u015brodowiskowej pracy socjalnej.<\/p>\n<p><strong>OSL<\/strong>&nbsp;jest jednym z rodzaj\u00f3w pracy socjalnej polega ona na pracy prowadzonej ze spo\u0142eczno\u015bci\u0105 lokaln\u0105, kt\u00f3ra ma na celu zapewnienia wsp\u00f3\u0142pracy i koordynacji dzia\u0142a\u0144 instytucji i organizacji istotnych dla zaspokajania potrzeb cz\u0142onk\u00f3w spo\u0142eczno\u015bci.<\/p>\n<p><span style=\"color: #002c5b;\"><strong>Celem Organizowania Spo\u0142eczno\u015bci jest:<\/strong><\/span>&nbsp;&nbsp;wspieranie oraz wzmacnianie os\u00f3b, rodzin, grup i&nbsp; spo\u0142eczno\u015bci lokalnych, poprzez pobudzanie ich potencja\u0142u i &nbsp;aktywno\u015bci oraz ukierunkowywanie jej na rozwi\u0105zywanie problem\u00f3w oraz rozw\u00f3j.<\/p>\n<p><span style=\"color: #002c5b;\"><strong>Organizowanie spo\u0142eczno\u015bci lokalnej<\/strong><\/span>&nbsp;jest procesem d\u0142ugofalowym, nastawionym na rozw\u00f3j lokalny poprzez trwa\u0142\u0105 zmian\u0119 rzeczywisto\u015bci spo\u0142ecznej. Proces ten jest zwi\u0105zany z&nbsp; tworzeniem sieci wsp\u00f3\u0142pracy i lokalnych struktur, wspieraj\u0105cych rozw\u00f3j tej spo\u0142eczno\u015bci i &nbsp;jej zdolno\u015bci do rozwi\u0105zywania problem\u00f3w, tworzeniem \u015brodowiska zmiany i budowania potencja\u0142\u00f3w zar\u00f3wno grup, jak i ca\u0142ej spo\u0142eczno\u015bci, dla polepszenia jako\u015bci \u017cycia.<\/p>\n<p><span style=\"color: #002c5b;\"><strong>Organizator Spo\u0142eczno\u015bci Lokalnej<\/strong><\/span> dzia\u0142a na podstawie w art. 32 ustawy z dnia 19 lipca 2019 r. o realizowaniu us\u0142ug spo\u0142ecznych przez centrum us\u0142ug spo\u0142ecznych (Dz. U. z 2019 r. poz. 1818). Organizator spo\u0142eczno\u015bci lokalnej&nbsp;dzia\u0142a w oparciu o realne potrzeby mieszka\u0144c\u00f3w, odkrywa ich niewykorzystane mo\u017cliwo\u015bci, zach\u0119ca do podj\u0119cia wsp\u00f3\u0142pracy i inspiruje do samodzielnych dzia\u0142a\u0144 zmierzaj\u0105cych do rozwi\u0105zania w\u0142asnych problem\u00f3w, d\u0105\u017cy do stworzenia sieci wsp\u00f3\u0142pracy instytucji, organizacji, przedsi\u0119biorc\u00f3w i mieszka\u0144c\u00f3w na rzecz wydobywania potencja\u0142u danej spo\u0142eczno\u015bci.<\/p>\n<p style=\"text-align: center;\"><span style=\"color: #002c5b;\"><strong>Kontakt z Organizatorem Spo\u0142eczno\u015bci Lokalnej:<br \/>\n<\/strong><\/span><span style=\"color: #002c5b;\"><strong>Pani <em>Ma\u0142gorzata Mroczkowska<\/em> \u2013 CUS Stawiski, ul Polowa 26<br \/>\n<\/strong><\/span><span style=\"color: #002c5b;\"><strong>Tel. 86 273 81 70, &nbsp;86 273 81 73, &nbsp;e-mail: m.mroczkowska@stawiski.pl<\/strong><\/span><\/p>\n","protected":false},"excerpt":{"rendered":"<p>ORGANIZACJA SPO\u0141ECZNO\u015aCI LOKALNEJ W zwi\u0105zku z przekszta\u0142ceniem O\u015brodka Pomocy Spo\u0142ecznej w Stawiskach w Centrum Us\u0142ug Spo\u0142ecznych w Stawiskach, Organizowanie Spo\u0142eczno\u015bci Lokalnej znalaz\u0142o si\u0119 na mocy&hellip;<\/p>\n","protected":false},"author":1,"featured_media":0,"parent":0,"menu_order":0,"comment_status":"closed","ping_status":"closed","template":"","meta":{"ngg_post_thumbnail":0,"footnotes":""},"class_list":["post-1269","page","type-page","status-publish","hentry"],"_links":{"self":[{"href":"https:\/\/cusstawiski.pl\/index.php?rest_route=\/wp\/v2\/pages\/1269","targetHints":{"allow":["GET"]}}],"collection":[{"href":"https:\/\/cusstawiski.pl\/index.php?rest_route=\/wp\/v2\/pages"}],"about":[{"href":"https:\/\/cusstawiski.pl\/index.php?rest_route=\/wp\/v2\/types\/page"}],"author":[{"embeddable":true,"href":"https:\/\/cusstawiski.pl\/index.php?rest_route=\/wp\/v2\/users\/1"}],"replies":[{"embeddable":true,"href":"https:\/\/cusstawiski.pl\/index.php?rest_route=%2Fwp%2Fv2%2Fcomments&post=1269"}],"version-history":[{"count":8,"href":"https:\/\/cusstawiski.pl\/index.php?rest_route=\/wp\/v2\/pages\/1269\/revisions"}],"predecessor-version":[{"id":3897,"href":"https:\/\/cusstawiski.pl\/index.php?rest_route=\/wp\/v2\/pages\/1269\/revisions\/3897"}],"wp:attachment":[{"href":"https:\/\/cusstawiski.pl\/index.php?rest_route=%2Fwp%2Fv2%2Fmedia&parent=1269"}],"curies":[{"name":"wp","href":"https:\/\/api.w.org\/{rel}","templated":true}]}}

Organizacja społeczności lokalnej

<h1 style="text-align: center;"><strong>ORGANIZACJA SPOŁECZNOŚCI LOKALNEJ</strong></h1>
<p>W związku z przekształceniem Ośrodka Pomocy Społecznej w Stawiskach w Centrum Usług Społecznych w Stawiskach, Organizowanie Społeczności Lokalnej znalazło się na mocy ustawy w strukturach organizacyjnych CUS Stawiski. Ważnym zadaniem organizatora społeczności lokalnej jest wzmacnianie potencjału gminnej wspólnoty samorządowej w &nbsp;zakresie działań o charakterze wolontariackim, samopomocowym i sąsiedzkim jako form wsparcia społecznego uzupełniającego usługi społeczne świadczone na rzecz mieszkańców przez specjalistów: pracowników socjalnych, psychoterapeutów, pedagogów społecznych, asystentów rodziny,</p>
<p>asystentów osób niepełnosprawnych i przedstawicieli innych profesji i zawodów pomocowych. Dzięki zaangażowaniu organizatora społeczności lokalnej takie wsparcie społeczne będzie dostępne w centrum usług społecznych w ramach spersonalizowanych pakietów usługowych, które ustawodawca określił mianem indywidualnych planów usług społecznych (IPUS).</p>
<p><span style="color: #002c5b;"><strong>Do zadań organizatora społeczności lokalnej należy w szczególności:</strong></span></p>
<ol>
<li>prowadzenie na bieżąco rozeznania:<br />
a) potrzeb wspólnoty samorządowej w zakresie działań wspierających,<br />
b) potencjału wspólnoty samorządowej w zakresie działań wspierających;</li>
<li>opracowywanie, w oparciu o wnioski wynikające z rozeznania potrzeb i potencjału wspólnoty samorządowej w zakresie działań wspierających, planu organizowania społeczności lokalnej i jego aktualizacji oraz realizacja tego planu;</li>
<li>podejmowanie działań w celu aktywizacji wspólnoty samorządowej, w szczególności organizowanie działań wspierających;</li>
<li>inicjowanie innych niż określone w pkt 3 działań zmierzających do wzmocnienia więzi społecznych i integracji wspólnoty samorządowej;</li>
<li>współpraca z podmiotami prowadzącymi na obszarze działania centrum animację lokalną inne formy pracy środowiskowej.</li>
</ol>
<p><span style="color: #002c5b;"><strong>Przykładowe formy działań wspierających</strong></span></p>
<p><span style="color: #002c5b;"><strong>1. Dla seniorów:</strong></span></p>
<ul>
<li>Wsparcie w działalności Klubu Seniora+</li>
<li>wspieranie klubu wolontariusza, zrzeszającego wolontariuszy świadczących pomoc osobom starszym oraz seniorów chcących pomagać innym.</li>
</ul>
<p><span style="color: #002c5b;"><strong>2. Dla osób z niepełnosprawnością i ich rodzin:</strong></span></p>
<ul>
<li>Wspieranie osób z niepełnosprawnością</li>
<li>Działania animacyjne.</li>
<li>Imprezy integracyjne.</li>
<li>Kampanie społeczne.</li>
</ul>
<p><span style="color: #002c5b;"><strong>3. Dla społeczności terytorialnej:</strong></span></p>
<ul>
<li>Działania animacyjne, służące pobudzaniu ludzi do działania, inicjowanie spotkań obywatelskich i grup obywatelskich.</li>
<li>Warsztaty edukacyjne.</li>
<li>Wydarzenia sąsiedzkie, organizowane z udziałem mieszkańców.</li>
<li>Grupy samopomocowe.</li>
</ul>
<p><span style="color: #002c5b;"><strong>Organizowanie społeczności lokalnej</strong></span> (OSL) – metoda środowiskowej pracy socjalnej.</p>
<p><strong>OSL</strong>&nbsp;jest jednym z rodzajów pracy socjalnej polega ona na pracy prowadzonej ze społecznością lokalną, która ma na celu zapewnienia współpracy i koordynacji działań instytucji i organizacji istotnych dla zaspokajania potrzeb członków społeczności.</p>
<p><span style="color: #002c5b;"><strong>Celem Organizowania Społeczności jest:</strong></span>&nbsp;&nbsp;wspieranie oraz wzmacnianie osób, rodzin, grup i&nbsp; społeczności lokalnych, poprzez pobudzanie ich potencjału i &nbsp;aktywności oraz ukierunkowywanie jej na rozwiązywanie problemów oraz rozwój.</p>
<p><span style="color: #002c5b;"><strong>Organizowanie społeczności lokalnej</strong></span>&nbsp;jest procesem długofalowym, nastawionym na rozwój lokalny poprzez trwałą zmianę rzeczywistości społecznej. Proces ten jest związany z&nbsp; tworzeniem sieci współpracy i lokalnych struktur, wspierających rozwój tej społeczności i &nbsp;jej zdolności do rozwiązywania problemów, tworzeniem środowiska zmiany i budowania potencjałów zarówno grup, jak i całej społeczności, dla polepszenia jakości życia.</p>
<p><span style="color: #002c5b;"><strong>Organizator Społeczności Lokalnej</strong></span> działa na podstawie w art. 32 ustawy z dnia 19 lipca 2019 r. o realizowaniu usług społecznych przez centrum usług społecznych (Dz. U. z 2019 r. poz. 1818). Organizator społeczności lokalnej&nbsp;działa w oparciu o realne potrzeby mieszkańców, odkrywa ich niewykorzystane możliwości, zachęca do podjęcia współpracy i inspiruje do samodzielnych działań zmierzających do rozwiązania własnych problemów, dąży do stworzenia sieci współpracy instytucji, organizacji, przedsiębiorców i mieszkańców na rzecz wydobywania potencjału danej społeczności.</p>
<p style="text-align: center;"><span style="color: #002c5b;"><strong>Kontakt z Organizatorem Społeczności Lokalnej:<br />
</strong></span><span style="color: #002c5b;"><strong>Pani <em>Małgorzata Mroczkowska</em> – CUS Stawiski, ul Polowa 26<br />
</strong></span><span style="color: #002c5b;"><strong>Tel. 86 273 81 70, &nbsp;86 273 81 73, &nbsp;e-mail: m.mroczkowska@stawiski.pl</strong></span></p>

<p>ORGANIZACJA SPOŁECZNOŚCI LOKALNEJ W związku z przekształceniem Ośrodka Pomocy Społecznej w Stawiskach w Centrum Usług Społecznych w Stawiskach, Organizowanie Społeczności Lokalnej znalazło się na mocy&hellip;</p>
