{"id":1320,"date":"2021-11-30T18:48:14","date_gmt":"2021-11-30T17:48:14","guid":{"rendered":"https:\/\/cusstawiski.pl\/?page_id=1320"},"modified":"2022-01-14T14:11:20","modified_gmt":"2022-01-14T13:11:20","slug":"zadania-koordynatorow-indywidualnych-planow-uslug-spolecznych","status":"publish","type":"page","link":"https:\/\/cusstawiski.pl\/?page_id=1320","title":{"rendered":"Koordynator Indywidualnych Plan\u00f3w Us\u0142ug Spo\u0142ecznych"},"content":{"rendered":"<h1 style=\"text-align: center;\"><strong>KOORDYNATOR INDYWIDUALNYCH PLAN\u00d3W<br \/>\nUS\u0141UG SPO\u0141ECZNYCH<\/strong><\/h1>\n<p>Do zada\u0144 Koordynatora Indywidualnych Plan\u00f3w Us\u0142ug Spo\u0142ecznych w Centrum Us\u0142ug Spo\u0142ecznych w Stawiskach nale\u017cy w szczeg\u00f3lno\u015bci:<\/p>\n<ul>\n<li>przeprowadzanie rozpoznania indywidualnych potrzeb,<\/li>\n<li>opracowywanie indywidualnych plan\u00f3w us\u0142ug spo\u0142ecznych i ich aktualizacja,<\/li>\n<li>w udogodnieniu z wnioskodawc\u0105 koordynator opracowuje indywidualny plan us\u0142ug spo\u0142ecznych, z kt\u00f3rych wnioskodawca b\u0119dzie m\u00f3g\u0142 korzysta\u0107 w ramach program\u00f3w us\u0142ug spo\u0142ecznych, przekazuje wniosek, za zgod\u0105 wnioskodawcy, do rozpatrzenia w\u00a0ca\u0142o\u015bci lub w cz\u0119\u015bci przez zesp\u00f3\u0142 centrum realizuj\u0105cy zadania z zakresu pomocy spo\u0142ecznej lub inny zesp\u00f3\u0142 w CUS, je\u017celi wnioskowane us\u0142ugi spo\u0142eczne mieszcz\u0105 si\u0119 w zakresie us\u0142ug spo\u0142ecznych realizowanych przez ten zesp\u00f3\u0142 lub przekazuje wniosek, za zgod\u0105 wnioskodawcy, do rozpatrzenia w ca\u0142o\u015bci lub w cz\u0119\u015bci przez urz\u0105d gminy lub jednostk\u0119 organizacyjn\u0105 gminy, je\u017celi wnioskowane us\u0142ugi spo\u0142eczne mieszcz\u0105 si\u0119 w zakresie us\u0142ug spo\u0142ecznych realizowanych przez urz\u0105d gminy lub jednostk\u0119 organizacyjn\u0105 gminy.<\/li>\n<li>plan opracowuje si\u0119 w przypadku konieczno\u015bci koordynacji us\u0142ug spo\u0142ecznych udzielanych osobie zainteresowanej w okresie nie kr\u00f3tszym ni\u017c 3 miesi\u0105ce, w terminie nie d\u0142u\u017cszym ni\u017c 30 dni od dnia wyst\u0105pienia z wnioskiem o zakwalifikowanie do korzystania z us\u0142ug spo\u0142ecznych, na okres nie d\u0142u\u017cszy ni\u017c na rok. Plan podlega zatwierdzeniu przez dyrektora CUS lub upowa\u017cnionego w tym zakresie organizatora us\u0142ug spo\u0142ecznych<\/li>\n<li>monitorowanie realizacji indywidualnych plan\u00f3w us\u0142ug spo\u0142ecznych,<\/li>\n<li>koordynowanie us\u0142ug spo\u0142ecznych udzielanych w ramach indywidualnych plan\u00f3w us\u0142ug spo\u0142ecznych,<\/li>\n<li>przeprowadzanie z osobami obj\u0119tymi indywidualnymi planami us\u0142ug spo\u0142ecznych rozm\u00f3w podsumowuj\u0105cych realizacj\u0119 tych plan\u00f3w, i sporz\u0105dza opis przebiegu i\u00a0 rezultat\u00f3w tego planu opracowanie, aktualizowanie, monitorowanie i podsumowanie realizacji IPUS jest form\u0105 pracy socjalnej,<\/li>\n<li>uczestnictwo w superwizji tworzenia i realizacji indywidualnych plan\u00f3w us\u0142ug spo\u0142ecznych,<\/li>\n<li>\u015bwiadczenie poradnictwa dot. us\u0142ug spo\u0142ecznych,<\/li>\n<li>bie\u017c\u0105ce monitorowanie dost\u0119pnej infrastruktury us\u0142ug spo\u0142ecznych,<\/li>\n<li>wsp\u00f3\u0142praca z innymi jednostkami, instytucjami, organizacjami pozarz\u0105dowymi,<\/li>\n<\/ul>\n<h2><span style=\"color: #002c5b;\"><strong>Kwalifikowanie os\u00f3b do korzystania z us\u0142ug spo\u0142ecznych<\/strong><\/span><\/h2>\n<p>Kwalifikowanie os\u00f3b do korzystania z us\u0142ug spo\u0142ecznych w ramach programu us\u0142ug spo\u0142ecznych odbywa si\u0119 za po\u015brednictwem CUS, na wniosek osoby zainteresowanej, przedstawiciela ustawowego osoby zainteresowanej, albo opiekuna faktycznego osoby zainteresowanej. Mo\u017ce poprzedza\u0107 je opracowanie przez koordynatora indywidualnych plan\u00f3w us\u0142ug spo\u0142ecznych, w porozumieniu z wnioskodawc\u0105, rozpoznania indywidualnych potrzeb osoby zainteresowanej (dopuszcza si\u0119 kwalifikowanie bez IPUS), nie wymaga wydania decyzji administracyjnej i odbywa si\u0119 zgodnie z kolejno\u015bci\u0105 z\u0142o\u017conych wniosk\u00f3w, z zastosowaniem ogranicze\u0144 i limit\u00f3w przewidzianych w programie us\u0142ug spo\u0142ecznych. Odmowa zakwalifikowania wymaga wydania decyzji administracyjnej.<\/p>\n<p>Je\u017celi program us\u0142ug spo\u0142ecznych przewiduje odp\u0142atno\u015b\u0107 za us\u0142ugi spo\u0142eczne udzielane w ramach programu, osoby zakwalifikowane do korzystania z tych us\u0142ug wnosz\u0105 op\u0142at\u0119 na konto gminy albo centrum, w wysoko\u015bci i terminach ustalonych przez centrum zgodnie z programem us\u0142ug spo\u0142ecznych. W przypadku braku op\u0142aty w ca\u0142o\u015bci lub cz\u0119\u015bci wydaje si\u0119 decyzje administracyjn\u0105 okre\u015blaj\u0105c\u0105: obowi\u0105zek uiszczenia op\u0142aty, wysoko\u015b\u0107 nale\u017cno\u015bci oraz termin jej uiszczenia nale\u017cno\u015b\u0107 podlega \u015bci\u0105gni\u0119ciu w trybie przepis\u00f3w o post\u0119powaniu egzekucyjnym w administracji.<\/p>\n<p>W przypadku ustalenia op\u0142at za us\u0142ugi spo\u0142eczne kwalifikowanie do wysoko\u015bci op\u0142at (np. korzystania z ewentualnych ulg) odbywa si\u0119 na podstawie z\u0142o\u017conych przez wnioskodawc\u0119 o\u015bwiadcze\u0144 o spe\u0142nianiu okre\u015blonych warunk\u00f3w uprawniaj\u0105cych do korzystania z danej us\u0142ugi i uprawnieniu do ulg w op\u0142acie, pod rygorem odpowiedzialno\u015bci karnej za sk\u0142adanie fa\u0142szywych o\u015bwiadcze\u0144.<\/p>\n<p>Centrum mo\u017ce zwr\u00f3ci\u0107 si\u0119 o udokumentowanie: spe\u0142nienia okre\u015blonych w programie us\u0142ug spo\u0142ecznych warunk\u00f3w niezb\u0119dnych do zakwalifikowania, w tym informacji i sytuacji rodzinnej, materialnej, \u017cyciowej, zdrowotnej Uprawnienia do ulg w op\u0142acie za us\u0142ugi spo\u0142eczne. Rozpoznanie przeprowadza si\u0119 w siedzibie centrum lub w miejscu, w kt\u00f3rym przebywa osoba zainteresowana.<\/p>\n<p style=\"text-align: center;\"><span style=\"color: #002c5b;\"><strong>Kontakt z koordynatorem indywidualnych plan\u00f3w us\u0142ug spo\u0142ecznych:<\/strong><\/span><\/p>\n<p style=\"text-align: center;\"><span style=\"color: #002c5b;\"><strong>Pani Ewa Szadziul\u00a0 \u2013 CUS Stawiski, ul. Polowa 26<br \/>\ntel.: 86 273 81 75,\u00a0 e-mail: <a style=\"color: #002c5b;\" href=\"mailto:e.szadziul@stawiski.pl\">e.szadziul@stawiski.pl<\/a><\/strong><\/span><\/p>\n<p style=\"text-align: center;\"><span style=\"color: #002c5b;\"><strong>Pani Emilia Kowalska &#8211; CUS Stawiski, ul. Polowa 26<br \/>\ntel.: 86 273 81 76, e-mail: <a style=\"color: #002c5b;\" href=\"mailto:e.kowalska@stawiski.pl\">e.kowalska@stawiski.pl<\/a><\/strong><\/span><\/p>\n","protected":false},"excerpt":{"rendered":"<p>KOORDYNATOR INDYWIDUALNYCH PLAN\u00d3W US\u0141UG SPO\u0141ECZNYCH Do zada\u0144 Koordynatora Indywidualnych Plan\u00f3w Us\u0142ug Spo\u0142ecznych w Centrum Us\u0142ug Spo\u0142ecznych w Stawiskach nale\u017cy w szczeg\u00f3lno\u015bci: przeprowadzanie rozpoznania indywidualnych potrzeb,&hellip;<\/p>\n","protected":false},"author":1,"featured_media":0,"parent":0,"menu_order":0,"comment_status":"closed","ping_status":"closed","template":"","meta":{"ngg_post_thumbnail":0,"footnotes":""},"class_list":["post-1320","page","type-page","status-publish","hentry"],"_links":{"self":[{"href":"https:\/\/cusstawiski.pl\/index.php?rest_route=\/wp\/v2\/pages\/1320","targetHints":{"allow":["GET"]}}],"collection":[{"href":"https:\/\/cusstawiski.pl\/index.php?rest_route=\/wp\/v2\/pages"}],"about":[{"href":"https:\/\/cusstawiski.pl\/index.php?rest_route=\/wp\/v2\/types\/page"}],"author":[{"embeddable":true,"href":"https:\/\/cusstawiski.pl\/index.php?rest_route=\/wp\/v2\/users\/1"}],"replies":[{"embeddable":true,"href":"https:\/\/cusstawiski.pl\/index.php?rest_route=%2Fwp%2Fv2%2Fcomments&post=1320"}],"version-history":[{"count":16,"href":"https:\/\/cusstawiski.pl\/index.php?rest_route=\/wp\/v2\/pages\/1320\/revisions"}],"predecessor-version":[{"id":1722,"href":"https:\/\/cusstawiski.pl\/index.php?rest_route=\/wp\/v2\/pages\/1320\/revisions\/1722"}],"wp:attachment":[{"href":"https:\/\/cusstawiski.pl\/index.php?rest_route=%2Fwp%2Fv2%2Fmedia&parent=1320"}],"curies":[{"name":"wp","href":"https:\/\/api.w.org\/{rel}","templated":true}]}}