{"id":1806,"date":"2022-02-04T13:01:27","date_gmt":"2022-02-04T12:01:27","guid":{"rendered":"https:\/\/cusstawiski.pl\/?page_id=1806"},"modified":"2022-02-04T13:41:53","modified_gmt":"2022-02-04T12:41:53","slug":"program-opieka-wytchnieniowa-edycja-2022","status":"publish","type":"page","link":"https:\/\/cusstawiski.pl\/?page_id=1806","title":{"rendered":"Program Opieka wytchnieniowa \u2013 edycja 2022"},"content":{"rendered":"<h1 style=\"text-align: center;\"><strong>OPIEKA WYTCHNIENIOWA (edycja 2022)<\/strong><\/h1>\n<p><span style=\"color: #002c5b;\"><strong>Gmina Stawiski przyst\u0105pi\u0142a do programu &#8222;Opieka wytchnieniowa&#8221; &#8211; edycja 2022, kt\u00f3ry finansowany jest ze \u015brodk\u00f3w Ministerstwa Rodziny, Pracy i Polityki Spo\u0142ecznej w ramach Solidarno\u015bciowego Funduszu Wsparcia Os\u00f3b Niepe\u0142nosprawnych. <\/strong><strong>Wysoko\u015b\u0107 otrzymanej kwoty na realizacje zadania wynosi: 264\u00a0384 z\u0142.<\/strong><\/span><\/p>\n<p><a href=\"https:\/\/cusstawiski.pl\/?attachment_id=1815\" rel=\"attachment wp-att-1815\"><img loading=\"lazy\" decoding=\"async\" class=\"alignright wp-image-1815\" src=\"https:\/\/cusstawiski.pl\/wp-content\/uploads\/2022\/02\/Program-OW-2022.webp\" alt=\"\" width=\"400\" height=\"566\" srcset=\"https:\/\/cusstawiski.pl\/wp-content\/uploads\/2022\/02\/Program-OW-2022.webp 900w, https:\/\/cusstawiski.pl\/wp-content\/uploads\/2022\/02\/Program-OW-2022-212x300.webp 212w, https:\/\/cusstawiski.pl\/wp-content\/uploads\/2022\/02\/Program-OW-2022-848x1200.webp 848w, https:\/\/cusstawiski.pl\/wp-content\/uploads\/2022\/02\/Program-OW-2022-106x150.webp 106w, https:\/\/cusstawiski.pl\/wp-content\/uploads\/2022\/02\/Program-OW-2022-768x1086.webp 768w\" sizes=\"auto, (max-width: 400px) 100vw, 400px\" \/><\/a>Celem Programu jest odci\u0105\u017cenie cz\u0142onk\u00f3w rodzin lub opiekun\u00f3w os\u00f3b niepe\u0142nosprawnych poprzez wsparcie ich w codziennych obowi\u0105zkach lub zapewnienie czasowego zast\u0119pstwa. Wsparcie osoby zaanga\u017cowanej na co dzie\u0144 w sprawowanie opieki nad osob\u0105 niepe\u0142nosprawn\u0105 pozwala jej dysponowa\u0107 czasem dla siebie, kt\u00f3ry mo\u017ce przeznaczy\u0107 na odpoczynek i \u00a0regeneracj\u0119, jak r\u00f3wnie\u017c na za\u0142atwienie niezb\u0119dnych spraw. Dzi\u0119ki zorganizowaniu czasu wolnego dla opiekun\u00f3w os\u00f3b z niepe\u0142nosprawno\u015bci\u0105 wzmocni\u0105 one osobisty potencja\u0142 oraz ogranicz\u0105 wp\u0142yw obci\u0105\u017ce\u0144 psychofizycznych zwi\u0105zanych ze sprawowaniem opieki.<\/p>\n<p>Z\u00a0 Programu mog\u0105 skorzysta\u0107 mieszka\u0144cy miasta\u00a0 i gminy Stawiski sprawuj\u0105cych bezpo\u015bredni\u0105 opiek\u0119 nad:<\/p>\n<ul>\n<li>osobami posiadaj\u0105cymi orzeczenie o znacznym stopniu niepe\u0142nosprawno\u015bci albo orzeczenie traktowane na r\u00f3wni z orzeczeniem o znacznym stopniu niepe\u0142nosprawno\u015bci,<\/li>\n<li>dzie\u0107mi z orzeczeniem o niepe\u0142nosprawno\u015bci,<\/li>\n<\/ul>\n<p>Us\u0142ugi Opieki wytchnieniowej realizowane b\u0119d\u0105 przez opieka wytchnieniowego, w okresie od stycznia do grudnia 2022, przez 7 dni w tygodniu., w godzinach od 6:00-22:00.<\/p>\n<p>W Gminie Stawiski Program \u201eOpieka wytchnieniowa\u201d b\u0119dzie realizowany poprzez \u015bwiadczenie us\u0142ugi w ramach pobytu dziennego w:<\/p>\n<ul>\n<li>miejscu zamieszkania osoby niepe\u0142nosprawnej,<\/li>\n<li>o\u015brodku wsparcia,<\/li>\n<li>innym miejscu wskazanym przez uczestnika Programu,<\/li>\n<li>domu pomocy spo\u0142ecznej (nieprzerwanie us\u0142ugi mog\u0105 by\u0107 \u015bwiadczone przez 12 godzin).<\/li>\n<\/ul>\n<p>Uczestnik Programu, kt\u00f3remu przyznano pomoc w postaci us\u0142ugi opieki wytchnieniowej, nie ponosi odp\u0142atno\u015bci za t\u0119 us\u0142ug\u0119.<\/p>\n","protected":false},"excerpt":{"rendered":"<p>OPIEKA WYTCHNIENIOWA (edycja 2022) Gmina Stawiski przyst\u0105pi\u0142a do programu &#8222;Opieka wytchnieniowa&#8221; &#8211; edycja 2022, kt\u00f3ry finansowany jest ze \u015brodk\u00f3w Ministerstwa Rodziny, Pracy i Polityki Spo\u0142ecznej&hellip;<\/p>\n","protected":false},"author":1,"featured_media":0,"parent":0,"menu_order":0,"comment_status":"closed","ping_status":"closed","template":"","meta":{"ngg_post_thumbnail":0,"footnotes":""},"class_list":["post-1806","page","type-page","status-publish","hentry"],"_links":{"self":[{"href":"https:\/\/cusstawiski.pl\/index.php?rest_route=\/wp\/v2\/pages\/1806","targetHints":{"allow":["GET"]}}],"collection":[{"href":"https:\/\/cusstawiski.pl\/index.php?rest_route=\/wp\/v2\/pages"}],"about":[{"href":"https:\/\/cusstawiski.pl\/index.php?rest_route=\/wp\/v2\/types\/page"}],"author":[{"embeddable":true,"href":"https:\/\/cusstawiski.pl\/index.php?rest_route=\/wp\/v2\/users\/1"}],"replies":[{"embeddable":true,"href":"https:\/\/cusstawiski.pl\/index.php?rest_route=%2Fwp%2Fv2%2Fcomments&post=1806"}],"version-history":[{"count":6,"href":"https:\/\/cusstawiski.pl\/index.php?rest_route=\/wp\/v2\/pages\/1806\/revisions"}],"predecessor-version":[{"id":1817,"href":"https:\/\/cusstawiski.pl\/index.php?rest_route=\/wp\/v2\/pages\/1806\/revisions\/1817"}],"wp:attachment":[{"href":"https:\/\/cusstawiski.pl\/index.php?rest_route=%2Fwp%2Fv2%2Fmedia&parent=1806"}],"curies":[{"name":"wp","href":"https:\/\/api.w.org\/{rel}","templated":true}]}}

<h1 style="text-align: center;"><strong>OPIEKA WYTCHNIENIOWA (edycja 2022)</strong></h1>
<p><span style="color: #002c5b;"><strong>Gmina Stawiski przystąpiła do programu &#8222;Opieka wytchnieniowa&#8221; &#8211; edycja 2022, który finansowany jest ze środków Ministerstwa Rodziny, Pracy i Polityki Społecznej w ramach Solidarnościowego Funduszu Wsparcia Osób Niepełnosprawnych. </strong><strong>Wysokość otrzymanej kwoty na realizacje zadania wynosi: 264 384 zł.</strong></span></p>
<p><a href="https://cusstawiski.pl/?attachment_id=1815" rel="attachment wp-att-1815"><img loading="lazy" decoding="async" class="alignright wp-image-1815" src="https://cusstawiski.pl/wp-content/uploads/2022/02/Program-OW-2022.webp" alt="" width="400" height="566" srcset="https://cusstawiski.pl/wp-content/uploads/2022/02/Program-OW-2022.webp 900w, https://cusstawiski.pl/wp-content/uploads/2022/02/Program-OW-2022-212x300.webp 212w, https://cusstawiski.pl/wp-content/uploads/2022/02/Program-OW-2022-848x1200.webp 848w, https://cusstawiski.pl/wp-content/uploads/2022/02/Program-OW-2022-106x150.webp 106w, https://cusstawiski.pl/wp-content/uploads/2022/02/Program-OW-2022-768x1086.webp 768w" sizes="auto, (max-width: 400px) 100vw, 400px" /></a>Celem Programu jest odciążenie członków rodzin lub opiekunów osób niepełnosprawnych poprzez wsparcie ich w codziennych obowiązkach lub zapewnienie czasowego zastępstwa. Wsparcie osoby zaangażowanej na co dzień w sprawowanie opieki nad osobą niepełnosprawną pozwala jej dysponować czasem dla siebie, który może przeznaczyć na odpoczynek i  regenerację, jak również na załatwienie niezbędnych spraw. Dzięki zorganizowaniu czasu wolnego dla opiekunów osób z niepełnosprawnością wzmocnią one osobisty potencjał oraz ograniczą wpływ obciążeń psychofizycznych związanych ze sprawowaniem opieki.</p>
<p>Z  Programu mogą skorzystać mieszkańcy miasta  i gminy Stawiski sprawujących bezpośrednią opiekę nad:</p>
<ul>
<li>osobami posiadającymi orzeczenie o znacznym stopniu niepełnosprawności albo orzeczenie traktowane na równi z orzeczeniem o znacznym stopniu niepełnosprawności,</li>
<li>dziećmi z orzeczeniem o niepełnosprawności,</li>
</ul>
<p>Usługi Opieki wytchnieniowej realizowane będą przez opieka wytchnieniowego, w okresie od stycznia do grudnia 2022, przez 7 dni w tygodniu., w godzinach od 6:00-22:00.</p>
<p>W Gminie Stawiski Program „Opieka wytchnieniowa” będzie realizowany poprzez świadczenie usługi w ramach pobytu dziennego w:</p>
<ul>
<li>miejscu zamieszkania osoby niepełnosprawnej,</li>
<li>ośrodku wsparcia,</li>
<li>innym miejscu wskazanym przez uczestnika Programu,</li>
<li>domu pomocy społecznej (nieprzerwanie usługi mogą być świadczone przez 12 godzin).</li>
</ul>
<p>Uczestnik Programu, któremu przyznano pomoc w postaci usługi opieki wytchnieniowej, nie ponosi odpłatności za tę usługę.</p>

<p>OPIEKA WYTCHNIENIOWA (edycja 2022) Gmina Stawiski przystąpiła do programu &#8222;Opieka wytchnieniowa&#8221; &#8211; edycja 2022, który finansowany jest ze środków Ministerstwa Rodziny, Pracy i Polityki Społecznej&hellip;</p>
