{"id":3523,"date":"2024-08-30T16:37:11","date_gmt":"2024-08-30T14:37:11","guid":{"rendered":"https:\/\/cusstawiski.pl\/?page_id=3523"},"modified":"2025-04-07T12:30:31","modified_gmt":"2025-04-07T10:30:31","slug":"teleopieka-domowa-rekrutacja","status":"publish","type":"page","link":"https:\/\/cusstawiski.pl\/?page_id=3523","title":{"rendered":"TELEOPIEKA DOMOWA &#8211; REKRUTACJA"},"content":{"rendered":"<p style=\"text-align: center;\"><img loading=\"lazy\" decoding=\"async\" class=\"aligncenter wp-image-3527 size-full\" src=\"https:\/\/cusstawiski.pl\/wp-content\/uploads\/2024\/09\/logotypy.webp\" alt=\"logotypy\" width=\"1200\" height=\"142\" srcset=\"https:\/\/cusstawiski.pl\/wp-content\/uploads\/2024\/09\/logotypy.webp 1200w, https:\/\/cusstawiski.pl\/wp-content\/uploads\/2024\/09\/logotypy-300x36.webp 300w, https:\/\/cusstawiski.pl\/wp-content\/uploads\/2024\/09\/logotypy-150x18.webp 150w, https:\/\/cusstawiski.pl\/wp-content\/uploads\/2024\/09\/logotypy-768x91.webp 768w\" sizes=\"auto, (max-width: 1200px) 100vw, 1200px\" \/><\/p>\n<h1 style=\"text-align: center;\"><strong>REKRUTACJA DO PROJEKTU<\/strong><\/h1>\n<p style=\"text-align: center;\"><span style=\"color: #002c5b;\"><strong>Program teleopieki domowej \u2013 program wsparcia polityki senioralnej oraz os\u00f3b z niepe\u0142nosprawno\u015bciami<\/strong><\/span><\/p>\n<p>Gmina Stawiski wraz z Centrum Us\u0142ug Spo\u0142ecznych w Stawiskach <span style=\"color: #002c5b;\"><strong>og\u0142asza nab\u00f3r do projektu<\/strong><\/span> &#8222;Program teleopieki domowej \u2013 program wsparcia polityki senioralnej oraz os\u00f3b z niepe\u0142nosprawno\u015bciami&#8221; wsp\u00f3\u0142finansowanego z Europejskiego Funduszu Spo\u0142ecznego+ w ramach Programu Fundusze Europejskie dla Podlaskiego na lata 2021-2027 Priorytet VIII: Fundusze na rzecz edukacji i w\u0142\u0105czenia spo\u0142ecznego, Dzia\u0142anie 8.4 Wzrost dost\u0119pno\u015bci us\u0142ug spo\u0142ecznych.<\/p>\n<p>Projekt realizowany jest na terenie Gminy Stawiski do 31.12.2027r. Wsparciem planuje si\u0119 obj\u0105\u0107 \u0142\u0105cznie 88 os\u00f3b.<\/p>\n<p>W zakresie us\u0142ug spo\u0142ecznych, projekt skierowany jest do mieszka\u0144c\u00f3w Gminy Stawiski potrzebuj\u0105cych wsparcia w&nbsp;codziennym funkcjonowaniu i spe\u0142niaj\u0105cych, co najmniej jedno z poni\u017cszych kryteri\u00f3w:<\/p>\n<ol>\n<li>w wieku powy\u017cej 60 lat dla kobiet i w wieku powy\u017cej 65 lat dla m\u0119\u017cczyzn;<\/li>\n<li>osoby o znacznym lub umiarkowanym stopniu niepe\u0142nosprawno\u015bci w wieku od 18 lat;<\/li>\n<li>osoby z niepe\u0142nosprawno\u015bci\u0105 intelektualn\u0105 w wieku od 18 lat;<\/li>\n<li>osoby z zaburzeniami psychicznymi w wieku od 18 lat.<\/li>\n<\/ol>\n<p>W ramach projektu przewidziane zosta\u0142y nast\u0119puj\u0105ce formy wsparcia:<\/p>\n<ul>\n<li>s\u0105siedzkie;<\/li>\n<li>opieku\u0144cze;<\/li>\n<li>opieku\u0144cze specjalistyczne;<\/li>\n<li>teleopieku\u0144cze<\/li>\n<\/ul>\n<p>Szczeg\u00f3\u0142owe informacje dotycz\u0105ce warunk\u00f3w uczestnictwa znajduj\u0105 si\u0119 w Regulaminie projektu.<\/p>\n<p><span style=\"color: #002c5b;\"><strong>Dokumenty rekrutacyjne mo\u017cna pobra\u0107 w:<\/strong><\/span><\/p>\n<p>Biurze Projektu: Centrum Us\u0142ug Spo\u0142ecznych w Stawiskach ul. Polowa 26, 18-520 Stawiski lub&nbsp; na stronie internetowej CUS w Stawiskach: <a href=\"https:\/\/cusstawiski.pl\/\">cusstawiski.pl<\/a>, oraz na stronie internetowej Urz\u0119du Miejskiego w Stawiskach: <a href=\"https:\/\/stawiski.pl\/\">stawiski.pl<\/a><\/p>\n<p>Osoby zainteresowane udzia\u0142em w w\/w projekcie zapraszamy do kontaktu z&nbsp;pracownikami Centrum Us\u0142ug Spo\u0142ecznych w Stawiskach, r\u00f3wnie\u017c telefonicznie pod numerem: <span style=\"color: #002c5b;\"><strong>86&nbsp;273 80 70<\/strong><\/span>.<\/p>\n<p>Nab\u00f3r do projektu prowadzony jest w trybie ci\u0105g\u0142ym w okresie realizacji projektu. Dokumenty mo\u017cna sk\u0142ada\u0107 na bie\u017c\u0105co w biurze projektu tj. Centrum Us\u0142ug Spo\u0142ecznych w Stawiskach, ul.&nbsp;Polowa 26, 18-520 Stawiski lub e-&nbsp;mailem: <strong><a href=\"mailto:cus@stawiski.pl\">cus@stawiski.pl<\/a><\/strong>.<\/p>\n<p><span style=\"color: #002c5b;\"><strong>Dokumenty rekrutacyjne: <\/strong><\/span><\/p>\n<ol>\n<li><a href=\"https:\/\/cusstawiski.pl\/wp-content\/plugins\/download-attachments\/includes\/download.php?id=3538\">Regulamin rekrutacji i udzia\u0142u w projekcie pn. &#8222;Program teleopieki domowej \u2013 program wsparcia polityki senioralnej oraz os\u00f3b z niepe\u0142nosprawno\u015bciami&#8221; nr FEDP.08.04-IZ.00-0001\/23-00<\/a>.<\/li>\n<li><a href=\"https:\/\/cusstawiski.pl\/wp-content\/plugins\/download-attachments\/includes\/download.php?id=3536\">Karta kwalifikacyjna do projektu<\/a>.<\/li>\n<li><a href=\"https:\/\/cusstawiski.pl\/wp-content\/plugins\/download-attachments\/includes\/download.php?id=3534\">Formularz rekrutacyjny<\/a>.<\/li>\n<li><a href=\"https:\/\/cusstawiski.pl\/wp-content\/plugins\/download-attachments\/includes\/download.php?id=3535\">Formularz zg\u0142oszeniowy<\/a>.<\/li>\n<li><a href=\"https:\/\/cusstawiski.pl\/wp-content\/plugins\/download-attachments\/includes\/download.php?id=3537\">Klauzula RODO<\/a>.<\/li>\n<\/ol>\n","protected":false},"excerpt":{"rendered":"<p>REKRUTACJA DO PROJEKTU Program teleopieki domowej \u2013 program wsparcia polityki senioralnej oraz os\u00f3b z niepe\u0142nosprawno\u015bciami Gmina Stawiski wraz z Centrum Us\u0142ug Spo\u0142ecznych w Stawiskach og\u0142asza&hellip;<\/p>\n","protected":false},"author":1,"featured_media":0,"parent":0,"menu_order":0,"comment_status":"closed","ping_status":"closed","template":"","meta":{"ngg_post_thumbnail":0,"footnotes":""},"class_list":["post-3523","page","type-page","status-publish","hentry"],"_links":{"self":[{"href":"https:\/\/cusstawiski.pl\/index.php?rest_route=\/wp\/v2\/pages\/3523","targetHints":{"allow":["GET"]}}],"collection":[{"href":"https:\/\/cusstawiski.pl\/index.php?rest_route=\/wp\/v2\/pages"}],"about":[{"href":"https:\/\/cusstawiski.pl\/index.php?rest_route=\/wp\/v2\/types\/page"}],"author":[{"embeddable":true,"href":"https:\/\/cusstawiski.pl\/index.php?rest_route=\/wp\/v2\/users\/1"}],"replies":[{"embeddable":true,"href":"https:\/\/cusstawiski.pl\/index.php?rest_route=%2Fwp%2Fv2%2Fcomments&post=3523"}],"version-history":[{"count":10,"href":"https:\/\/cusstawiski.pl\/index.php?rest_route=\/wp\/v2\/pages\/3523\/revisions"}],"predecessor-version":[{"id":3539,"href":"https:\/\/cusstawiski.pl\/index.php?rest_route=\/wp\/v2\/pages\/3523\/revisions\/3539"}],"wp:attachment":[{"href":"https:\/\/cusstawiski.pl\/index.php?rest_route=%2Fwp%2Fv2%2Fmedia&parent=3523"}],"curies":[{"name":"wp","href":"https:\/\/api.w.org\/{rel}","templated":true}]}}