{"id":4077,"date":"2025-07-16T13:49:43","date_gmt":"2025-07-16T11:49:43","guid":{"rendered":"https:\/\/cusstawiski.pl\/?page_id=4077"},"modified":"2025-07-16T14:23:04","modified_gmt":"2025-07-16T12:23:04","slug":"telefony-zaufania","status":"publish","type":"page","link":"https:\/\/cusstawiski.pl\/?page_id=4077","title":{"rendered":"Telefony zaufania"},"content":{"rendered":"<h1 style=\"text-align: center;\"><strong>Telefony zaufania<\/strong><\/h1>\n<p style=\"text-align: center;\"><a href=\"https:\/\/cusstawiski.pl\/wp-content\/uploads\/2025\/07\/telefon.webp\"><img loading=\"lazy\" decoding=\"async\" class=\"size-full wp-image-4105 aligncenter\" src=\"https:\/\/cusstawiski.pl\/wp-content\/uploads\/2025\/07\/telefon.webp\" alt=\"\" width=\"1024\" height=\"488\" srcset=\"https:\/\/cusstawiski.pl\/wp-content\/uploads\/2025\/07\/telefon.webp 1024w, https:\/\/cusstawiski.pl\/wp-content\/uploads\/2025\/07\/telefon-300x143.webp 300w, https:\/\/cusstawiski.pl\/wp-content\/uploads\/2025\/07\/telefon-150x71.webp 150w, https:\/\/cusstawiski.pl\/wp-content\/uploads\/2025\/07\/telefon-768x366.webp 768w\" sizes=\"auto, (max-width: 1024px) 100vw, 1024px\" \/><\/a><\/p>\n<table class=\"aligncenter\" style=\"width: 100%; border-collapse: collapse;\" border=\"1\" cellpadding=\"3\">\n<tbody>\n<tr>\n<td style=\"width: 70%;\"><span style=\"color: #002c5b;\"><strong>Poradnia telefoniczna dla os\u00f3b w kryzysie emocjonalnym<\/strong><\/span><\/td>\n<td style=\"width: 30%; text-align: center;\"><center><span style=\"color: #002c5b;\"><strong>116&nbsp;123<\/strong><\/span><\/center><\/td>\n<\/tr>\n<tr>\n<td style=\"width: 70%;\"><span style=\"color: #002c5b;\"><strong>Centrum wsparcia dla os\u00f3b w stanie kryzysu psychicznego<\/strong><\/span><\/td>\n<td style=\"width: 30%; text-align: center;\"><span style=\"color: #002c5b;\"><strong>800 70&nbsp;2222<\/strong><\/span><\/td>\n<\/tr>\n<tr>\n<td style=\"width: 70%;\"><span style=\"color: #002c5b;\"><strong>Telefon zaufania dla dzieci i m\u0142odzie\u017cy<\/strong><\/span><\/td>\n<td style=\"width: 30%; text-align: center;\"><span style=\"color: #002c5b;\"><strong>116&nbsp;111<\/strong><\/span><\/td>\n<\/tr>\n<tr>\n<td style=\"width: 70%;\"><span style=\"color: #002c5b;\"><strong>Dzieci\u0119cy Telefon Zaufania Rzecznika Praw Dziecka<\/strong><\/span><\/td>\n<td style=\"width: 30%; text-align: center;\"><span style=\"color: #002c5b;\"><strong>800 12 12&nbsp;12<\/strong><\/span><\/td>\n<\/tr>\n<tr>\n<td style=\"width: 70%;\"><span style=\"color: #002c5b;\"><strong>Telefon zaufania dla os\u00f3b starszych<\/strong><\/span><\/td>\n<td style=\"width: 30%; text-align: center;\"><span style=\"color: #002c5b;\"><strong>22 635 09 54<\/strong><\/span><\/td>\n<\/tr>\n<tr>\n<td style=\"width: 70%;\"><span style=\"color: #002c5b;\"><strong>Og\u00f3lnopolski Telefon Zaufania Narkotyki-Narkomania<\/strong><\/span><\/td>\n<td style=\"width: 30%; text-align: center;\"><span style=\"color: #002c5b;\"><strong>800 199 990<\/strong><\/span><\/td>\n<\/tr>\n<tr>\n<td style=\"width: 70%;\"><span style=\"color: #002c5b;\"><strong>Telefon Zaufania dla os\u00f3b cierpi\u0105cych z powodu uzale\u017cnie\u0144 behawioralnych i ich bliskich<\/strong><\/span><\/td>\n<td style=\"width: 30%; text-align: center;\"><span style=\"color: #002c5b;\"><strong>801 889 880<\/strong><\/span><\/td>\n<\/tr>\n<tr>\n<td style=\"width: 70%;\"><span style=\"color: #002c5b;\"><strong>Og\u00f3lnopolski pogotowie dla ofiar przemocy w rodzinie (niebieska linia)<\/strong><\/span><\/td>\n<td style=\"width: 30%; text-align: center;\"><span style=\"color: #002c5b;\"><strong>800 12 00 02<\/strong><\/span><\/td>\n<\/tr>\n<tr>\n<td style=\"width: 70%;\"><span style=\"color: #002c5b;\"><strong>Og\u00f3lnopolska linia telefoniczna dla rodzic\u00f3w dzieci pij\u0105cych alkohol i za\u017cywaj\u0105cych inne \u015brodki psychoaktywne (narkotyki, leki) (pomara\u0144czowa linia)<\/strong><\/span><\/td>\n<td style=\"width: 30%; text-align: center;\"><span style=\"color: #002c5b;\"><strong>801 140 068<\/strong><\/span><\/td>\n<\/tr>\n<tr>\n<td style=\"width: 70%;\"><span style=\"color: #002c5b;\"><strong>Anonimowie Alkoholicy<\/strong><\/span><\/td>\n<td style=\"width: 30%; text-align: center;\"><span style=\"color: #002c5b;\"><strong>801 033 242<\/strong><\/span><\/td>\n<\/tr>\n<tr>\n<td style=\"width: 70%;\"><span style=\"color: #002c5b;\"><strong>Telefon zaufania HIV\/AIDS<\/strong><\/span><\/td>\n<td style=\"width: 30%; text-align: center;\"><span style=\"color: #002c5b;\"><strong>22 692 82 26<\/strong><\/span><br \/>\n<span style=\"color: #002c5b;\"><strong>800 888 448<\/strong><\/span><\/td>\n<\/tr>\n<tr>\n<td style=\"width: 70%;\"><span style=\"color: #002c5b;\"><strong>Antydepresyjny telefon zaufania<\/strong><\/span><\/td>\n<td style=\"width: 30%; text-align: center;\"><span style=\"color: #002c5b;\"><strong>22 484 88 01<\/strong><\/span><\/td>\n<\/tr>\n<tr>\n<td style=\"width: 70%;\"><span style=\"color: #002c5b;\"><strong>Telefon zaufania m\u0142odych<\/strong><\/span><\/td>\n<td style=\"width: 30%; text-align: center;\"><span style=\"color: #002c5b;\"><strong>22 484 88 04<\/strong><\/span><\/td>\n<\/tr>\n<tr>\n<td style=\"width: 70%;\"><span style=\"color: #002c5b;\"><strong>Ca\u0142odobowa bezp\u0142atna infolinia dla dzieci i m\u0142odzie\u017cy, rodzic\u00f3w oraz nauczycieli<\/strong><\/span><\/td>\n<td style=\"width: 30%; text-align: center;\"><span style=\"color: #002c5b;\"><strong>800 080 222<\/strong><\/span><\/td>\n<\/tr>\n<tr>\n<td style=\"width: 70%;\"><span style=\"color: #002c5b;\"><strong>Telefon dla rodzic\u00f3w i nauczycieli w sprawie bezpiecze\u0144stwa dzieci<\/strong><\/span><\/td>\n<td style=\"width: 30%; text-align: center;\"><span style=\"color: #002c5b;\"><strong>800 100 100<\/strong><\/span><\/td>\n<\/tr>\n<tr>\n<td style=\"width: 70%;\"><span style=\"color: #002c5b;\"><strong>Kobiety Kobietom Telefoniczne Wsparcie Prawne Telefon STOP<\/strong><\/span><\/td>\n<td style=\"width: 30%; text-align: center;\"><span style=\"color: #002c5b;\"><strong>800 10 7777<\/strong><\/span><\/td>\n<\/tr>\n<\/tbody>\n<\/table>\n","protected":false},"excerpt":{"rendered":"<p>Telefony zaufania Poradnia telefoniczna dla os\u00f3b w kryzysie emocjonalnym 116&nbsp;123 Centrum wsparcia dla os\u00f3b w stanie kryzysu psychicznego 800 70&nbsp;2222 Telefon zaufania dla dzieci i&hellip;<\/p>\n","protected":false},"author":1,"featured_media":0,"parent":0,"menu_order":0,"comment_status":"closed","ping_status":"closed","template":"","meta":{"ngg_post_thumbnail":0,"footnotes":""},"class_list":["post-4077","page","type-page","status-publish","hentry"],"_links":{"self":[{"href":"https:\/\/cusstawiski.pl\/index.php?rest_route=\/wp\/v2\/pages\/4077","targetHints":{"allow":["GET"]}}],"collection":[{"href":"https:\/\/cusstawiski.pl\/index.php?rest_route=\/wp\/v2\/pages"}],"about":[{"href":"https:\/\/cusstawiski.pl\/index.php?rest_route=\/wp\/v2\/types\/page"}],"author":[{"embeddable":true,"href":"https:\/\/cusstawiski.pl\/index.php?rest_route=\/wp\/v2\/users\/1"}],"replies":[{"embeddable":true,"href":"https:\/\/cusstawiski.pl\/index.php?rest_route=%2Fwp%2Fv2%2Fcomments&post=4077"}],"version-history":[{"count":26,"href":"https:\/\/cusstawiski.pl\/index.php?rest_route=\/wp\/v2\/pages\/4077\/revisions"}],"predecessor-version":[{"id":4106,"href":"https:\/\/cusstawiski.pl\/index.php?rest_route=\/wp\/v2\/pages\/4077\/revisions\/4106"}],"wp:attachment":[{"href":"https:\/\/cusstawiski.pl\/index.php?rest_route=%2Fwp%2Fv2%2Fmedia&parent=4077"}],"curies":[{"name":"wp","href":"https:\/\/api.w.org\/{rel}","templated":true}]}}