{"id":4618,"date":"2026-04-28T12:49:12","date_gmt":"2026-04-28T10:49:12","guid":{"rendered":"https:\/\/cusstawiski.pl\/?page_id=4618"},"modified":"2026-04-28T13:00:29","modified_gmt":"2026-04-28T11:00:29","slug":"com","status":"publish","type":"page","link":"https:\/\/cusstawiski.pl\/?page_id=4618","title":{"rendered":"COM"},"content":{"rendered":"<h1 style=\"text-align: center;\"><strong>OG\u0141OSZENIE<br \/>\n<\/strong><strong>O NABORZE CI\u0104G\u0141YM UCZESTNIK\u00d3W DO CENTRUM<br \/>\n<\/strong><strong>OPIEKU\u0143CZO-MIESZKALNEGO W SOKO\u0141ACH<\/strong><\/h1>\n<p>Centrum Opieku\u0144czo-Mieszkalne w Soko\u0142ach funkcjonuje od 1 lutego 2024 roku na terenie Gminy Stawiski. Plac\u00f3wka powsta\u0142a w ramach resortowego Programu Ministerstwa Rodziny i Polityki Spo\u0142ecznej &#8222;Centra opieku\u0144czo-mieszkalne&#8221;, finansowanego ze \u015brodk\u00f3w Funduszu Solidarno\u015bciowego.<\/p>\n<p>Centrum przeznaczone jest dla doros\u0142ych os\u00f3b z niepe\u0142nosprawno\u015bciami, posiadaj\u0105cych orzeczenie o umiarkowanym lub znacznym stopniu niepe\u0142nosprawno\u015bci.<\/p>\n<p>Nab\u00f3r uczestnik\u00f3w do plac\u00f3wki prowadzony jest w spos\u00f3b ci\u0105g\u0142y \u2013 w miar\u0119 dost\u0119pno\u015bci wolnych miejsc.<\/p>\n<p>Wsparciem w Centrum Opieku\u0144czo &#8211; Mieszkalnym w Soko\u0142ach obj\u0119tych jest \u0142\u0105cznie <span style=\"color: #002c5b;\"><strong>20 os\u00f3b<\/strong><\/span>:<\/p>\n<ul>\n<li><span style=\"color: #002c5b;\"><strong>8 os\u00f3b na pobyt ca\u0142odobowy<\/strong><\/span> (przez 7 dni w tygodniu),<\/li>\n<li><strong><span style=\"color: #002c5b;\">12 os\u00f3b na pobyt dzienny<\/span><\/strong> (8 godzin dziennie przez 6 dni w tygodniu- z zapewnionym transportem).<\/li>\n<\/ul>\n<p><span style=\"color: #002c5b;\"><strong>Osoby korzystaj\u0105ce z pobytu ca\u0142odobowego maj\u0105 zapewnione:<\/strong><\/span><\/p>\n<ul>\n<li>ca\u0142odzienne wy\u017cywienie,<\/li>\n<li>zakwaterowanie w pokojach z \u0142azienkami,<\/li>\n<li>mo\u017cliwo\u015b\u0107 korzystania z pomieszcze\u0144 i wyposa\u017cenia Centrum (m.in. kuchni, jadalni, pralni, przestrzeni do odpoczynku i zaj\u0119\u0107),<\/li>\n<li>opiek\u0119 i wsparcie wykwalifikowanej kadry, dostosowane do ich potrzeb (w tym pomoc w codziennym funkcjonowaniu i zaj\u0119cia wspieraj\u0105ce),<\/li>\n<li>wsparcie fizjoterapeutyczne ukierunkowane na popraw\u0119 sprawno\u015bci ruchowej,<\/li>\n<li>udzia\u0142 w zaj\u0119ciach terapii zaj\u0119ciowej rozwijaj\u0105cych samodzielno\u015b\u0107, aktywno\u015b\u0107 i&nbsp;kompetencje spo\u0142eczne.<\/li>\n<\/ul>\n<p><span style=\"color: #002c5b;\"><strong>Osoby korzystaj\u0105ce z pobytu dziennego maj\u0105 zapewnione:<\/strong><\/span><\/p>\n<ul>\n<li>pobyt w Centrum w ci\u0105gu dnia,<\/li>\n<li>dost\u0119p do pomieszcze\u0144, takich jak sale zaj\u0119ciowe, jadalnia czy przestrzenie do aktywno\u015bci,<\/li>\n<li>co najmniej dwa posi\u0142ki dziennie (\u015bniadanie i obiad),<\/li>\n<li>wsparcie dostosowane do indywidualnych potrzeb oraz udzia\u0142 w zaj\u0119ciach wspieraj\u0105cych aktywno\u015b\u0107 i samodzielno\u015b\u0107,<\/li>\n<li>mo\u017cliwo\u015b\u0107 korzystania z zaj\u0119\u0107 fizjoterapeutycznych,<\/li>\n<li>udzia\u0142 w zaj\u0119ciach terapii zaj\u0119ciowej.<\/li>\n<\/ul>\n<p>Obiekt jest w pe\u0142ni dostosowany do potrzeb os\u00f3b z niepe\u0142nosprawno\u015bciami i pozbawiony barier architektonicznych. Profesjonalna kadra zapewnia wsparcie w zakresie opieki, rehabilitacji oraz aktywizacji uczestnik\u00f3w, sprzyjaj\u0105c poprawie ich samodzielno\u015bci i jako\u015bci \u017cycia. Plac\u00f3wka wyposa\u017cona jest r\u00f3wnie\u017c w system monitoruj\u0105co-alarmowy oraz przyzywowy, co zapewnia wysoki poziom bezpiecze\u0144stwa.<\/p>\n<p><span style=\"color: #002c5b;\"><strong>Osoby zainteresowane pobytem w Centrum Opieku\u0144czo-Mieszkalnym w Soko\u0142ach mog\u0105 sk\u0142ada\u0107 wnioski do Centrum Us\u0142ug Spo\u0142ecznych w Stawiskach<\/strong><\/span>. W przypadku, kiedy w&nbsp;imieniu osoby z niepe\u0142nosprawno\u015bci\u0105 wniosek sk\u0142ada jej opiekun prawny nale\u017cy przed\u0142o\u017cy\u0107 stosowne postanowienie s\u0105du.<\/p>\n<p>Wnioski dost\u0119pne s\u0105 w do pobrania poni\u017cej b\u0105d\u017a w Centrum Us\u0142ug Spo\u0142ecznych w Stawiskach przy ul. Polowej 26.<\/p>\n<p>Dodatkowe informacje mo\u017cna uzyska\u0107 pod numerem telefonu 86 278-57-23 lub osobi\u015bcie w &nbsp;Centrum Opieku\u0144czo-Mieszkalnym w Soko\u0142ach (Soko\u0142y 46, 18-520 Stawiski).<\/p>\n<p style=\"text-align: right;\"><span style=\"color: #002c5b;\"><strong><em>Dyrektor<\/em><\/strong><\/span><br \/>\n<span style=\"color: #002c5b;\"><strong><em>Centrum Opieku\u0144czo-Mieszkalnego w Soko\u0142ach<\/em><\/strong><\/span><br \/>\n<span style=\"color: #002c5b;\"><strong><em>Gra\u017cyna Anna Kamionowska<\/em><\/strong><\/span><\/p>\n","protected":false},"excerpt":{"rendered":"<p>OG\u0141OSZENIE O NABORZE CI\u0104G\u0141YM UCZESTNIK\u00d3W DO CENTRUM OPIEKU\u0143CZO-MIESZKALNEGO W SOKO\u0141ACH Centrum Opieku\u0144czo-Mieszkalne w Soko\u0142ach funkcjonuje od 1 lutego 2024 roku na terenie Gminy Stawiski. Plac\u00f3wka&hellip;<\/p>\n","protected":false},"author":1,"featured_media":0,"parent":0,"menu_order":0,"comment_status":"closed","ping_status":"closed","template":"","meta":{"ngg_post_thumbnail":0,"footnotes":""},"class_list":["post-4618","page","type-page","status-publish","hentry"],"_links":{"self":[{"href":"https:\/\/cusstawiski.pl\/index.php?rest_route=\/wp\/v2\/pages\/4618","targetHints":{"allow":["GET"]}}],"collection":[{"href":"https:\/\/cusstawiski.pl\/index.php?rest_route=\/wp\/v2\/pages"}],"about":[{"href":"https:\/\/cusstawiski.pl\/index.php?rest_route=\/wp\/v2\/types\/page"}],"author":[{"embeddable":true,"href":"https:\/\/cusstawiski.pl\/index.php?rest_route=\/wp\/v2\/users\/1"}],"replies":[{"embeddable":true,"href":"https:\/\/cusstawiski.pl\/index.php?rest_route=%2Fwp%2Fv2%2Fcomments&post=4618"}],"version-history":[{"count":4,"href":"https:\/\/cusstawiski.pl\/index.php?rest_route=\/wp\/v2\/pages\/4618\/revisions"}],"predecessor-version":[{"id":4625,"href":"https:\/\/cusstawiski.pl\/index.php?rest_route=\/wp\/v2\/pages\/4618\/revisions\/4625"}],"wp:attachment":[{"href":"https:\/\/cusstawiski.pl\/index.php?rest_route=%2Fwp%2Fv2%2Fmedia&parent=4618"}],"curies":[{"name":"wp","href":"https:\/\/api.w.org\/{rel}","templated":true}]}}

<h1 style="text-align: center;"><strong>OGŁOSZENIE<br />
</strong><strong>O NABORZE CIĄGŁYM UCZESTNIKÓW DO CENTRUM<br />
</strong><strong>OPIEKUŃCZO-MIESZKALNEGO W SOKOŁACH</strong></h1>
<p>Centrum Opiekuńczo-Mieszkalne w Sokołach funkcjonuje od 1 lutego 2024 roku na terenie Gminy Stawiski. Placówka powstała w ramach resortowego Programu Ministerstwa Rodziny i Polityki Społecznej &#8222;Centra opiekuńczo-mieszkalne&#8221;, finansowanego ze środków Funduszu Solidarnościowego.</p>
<p>Centrum przeznaczone jest dla dorosłych osób z niepełnosprawnościami, posiadających orzeczenie o umiarkowanym lub znacznym stopniu niepełnosprawności.</p>
<p>Nabór uczestników do placówki prowadzony jest w sposób ciągły – w miarę dostępności wolnych miejsc.</p>
<p>Wsparciem w Centrum Opiekuńczo &#8211; Mieszkalnym w Sokołach objętych jest łącznie <span style="color: #002c5b;"><strong>20 osób</strong></span>:</p>
<ul>
<li><span style="color: #002c5b;"><strong>8 osób na pobyt całodobowy</strong></span> (przez 7 dni w tygodniu),</li>
<li><strong><span style="color: #002c5b;">12 osób na pobyt dzienny</span></strong> (8 godzin dziennie przez 6 dni w tygodniu- z zapewnionym transportem).</li>
</ul>
<p><span style="color: #002c5b;"><strong>Osoby korzystające z pobytu całodobowego mają zapewnione:</strong></span></p>
<ul>
<li>całodzienne wyżywienie,</li>
<li>zakwaterowanie w pokojach z łazienkami,</li>
<li>możliwość korzystania z pomieszczeń i wyposażenia Centrum (m.in. kuchni, jadalni, pralni, przestrzeni do odpoczynku i zajęć),</li>
<li>opiekę i wsparcie wykwalifikowanej kadry, dostosowane do ich potrzeb (w tym pomoc w codziennym funkcjonowaniu i zajęcia wspierające),</li>
<li>wsparcie fizjoterapeutyczne ukierunkowane na poprawę sprawności ruchowej,</li>
<li>udział w zajęciach terapii zajęciowej rozwijających samodzielność, aktywność i&nbsp;kompetencje społeczne.</li>
</ul>
<p><span style="color: #002c5b;"><strong>Osoby korzystające z pobytu dziennego mają zapewnione:</strong></span></p>
<ul>
<li>pobyt w Centrum w ciągu dnia,</li>
<li>dostęp do pomieszczeń, takich jak sale zajęciowe, jadalnia czy przestrzenie do aktywności,</li>
<li>co najmniej dwa posiłki dziennie (śniadanie i obiad),</li>
<li>wsparcie dostosowane do indywidualnych potrzeb oraz udział w zajęciach wspierających aktywność i samodzielność,</li>
<li>możliwość korzystania z zajęć fizjoterapeutycznych,</li>
<li>udział w zajęciach terapii zajęciowej.</li>
</ul>
<p>Obiekt jest w pełni dostosowany do potrzeb osób z niepełnosprawnościami i pozbawiony barier architektonicznych. Profesjonalna kadra zapewnia wsparcie w zakresie opieki, rehabilitacji oraz aktywizacji uczestników, sprzyjając poprawie ich samodzielności i jakości życia. Placówka wyposażona jest również w system monitorująco-alarmowy oraz przyzywowy, co zapewnia wysoki poziom bezpieczeństwa.</p>
<p><span style="color: #002c5b;"><strong>Osoby zainteresowane pobytem w Centrum Opiekuńczo-Mieszkalnym w Sokołach mogą składać wnioski do Centrum Usług Społecznych w Stawiskach</strong></span>. W przypadku, kiedy w&nbsp;imieniu osoby z niepełnosprawnością wniosek składa jej opiekun prawny należy przedłożyć stosowne postanowienie sądu.</p>
<p>Wnioski dostępne są w do pobrania poniżej bądź w Centrum Usług Społecznych w Stawiskach przy ul. Polowej 26.</p>
<p>Dodatkowe informacje można uzyskać pod numerem telefonu 86 278-57-23 lub osobiście w &nbsp;Centrum Opiekuńczo-Mieszkalnym w Sokołach (Sokoły 46, 18-520 Stawiski).</p>
<p style="text-align: right;"><span style="color: #002c5b;"><strong><em>Dyrektor</em></strong></span><br />
<span style="color: #002c5b;"><strong><em>Centrum Opiekuńczo-Mieszkalnego w Sokołach</em></strong></span><br />
<span style="color: #002c5b;"><strong><em>Grażyna Anna Kamionowska</em></strong></span></p>

<p>OGŁOSZENIE O NABORZE CIĄGŁYM UCZESTNIKÓW DO CENTRUM OPIEKUŃCZO-MIESZKALNEGO W SOKOŁACH Centrum Opiekuńczo-Mieszkalne w Sokołach funkcjonuje od 1 lutego 2024 roku na terenie Gminy Stawiski. Placówka&hellip;</p>
