{"id":838,"date":"2021-10-19T19:48:24","date_gmt":"2021-10-19T17:48:24","guid":{"rendered":"https:\/\/cusstawiski.pl\/?page_id=838"},"modified":"2022-05-31T08:49:08","modified_gmt":"2022-05-31T06:49:08","slug":"praca-socjalna","status":"publish","type":"page","link":"https:\/\/cusstawiski.pl\/?page_id=838","title":{"rendered":"Praca Socjalna"},"content":{"rendered":"<h1 style=\"text-align: center;\"><strong>PRACA SOCJALNA<\/strong><\/h1>\n<p>Praca socjalna to&nbsp;dzia\u0142alno\u015b\u0107 u\u0142atwiaj\u0105ca jednostkom, grupom, \u015brodowiskom adaptacj\u0119 w zmieniaj\u0105cych si\u0119 warunkach \u017cycia poprzez organizowanie dost\u0119pu do ca\u0142ego systemu us\u0142ug umo\u017cliwiaj\u0105cych w ostatecznym efekcie samodzielno\u015b\u0107 \u017cyciow\u0105 i godne uczestnictwo w \u017cyciu spo\u0142ecznym. Pracownik socjalny przeprowadzaj\u0105cy wywiad \u015brodowiskowy ju\u017c przy pierwszej wizycie analizuje wraz z klientem jego sytuacj\u0119, zastanawia si\u0119 nad mo\u017cliwo\u015bciami rozwi\u0105zywania problem\u00f3w, udziela porad, ukierunkowuje klienta na mo\u017cliwo\u015bci za\u0142atwiania jego spraw \u017cyciowych, motywuje do zmiany zachowa\u0144, kt\u00f3re pomog\u0142yby mu w dalszym \u017cyciu. Niejednokrotnie przeprowadza pierwsze mediacje w sytuacjach konfliktowych.<\/p>\n<p>Pracownik socjalny podejmuje szereg dzia\u0142a\u0144 w ramach pracy socjalnej na rzecz zapewnienia godziwych warunk\u00f3w mieszkaniowych, poprawy stanu zdrowia klienta, zapewnienia opieki osobom starszym i niepe\u0142nosprawnym, poprawy funkcjonowania rodziny, poprawy funkcjonowania os\u00f3b zaburzonych psychicznie, poprawy funkcjonowania os\u00f3b i rodzin z problemem alkoholowym, na rzecz rozwi\u0105zywania problemu bezrobocia, na rzecz zapewnienia \/uzyskania niezb\u0119dnych \u015brodk\u00f3w materialnych.<\/p>\n<p>W celu rozwi\u0105zywania problem\u00f3w rodziny lub osoby prowadzi wiele rozm\u00f3w, podejmuje dzia\u0142ania interwencyjne, radzi wsp\u00f3lnie z klientem, za\u0142atwia sprawy skomplikowane, wsp\u00f3\u0142pracuje z instytucjami i organizacjami.<\/p>\n<p><span style=\"color: #002c5b;\"><strong>Praca socjalna polega w szczeg\u00f3lno\u015bci na:<\/strong><\/span><\/p>\n<ol>\n<li>udzielaniu pomocy przy kompletowaniu dokument\u00f3w niezb\u0119dnych do otrzymania renty, emerytury \u015bwiadcze\u0144 wyj\u0105tkowych itp.,<\/li>\n<li>podejmowaniu dzia\u0142a\u0144 w zakresie uzyskiwania aliment\u00f3w,<\/li>\n<li>umo\u017cliwianiu klientom bezp\u0142atnych konsultacji z prawnikiem, psychologiem w zale\u017cno\u015bci od wyst\u0119puj\u0105cych potrzeb,<\/li>\n<li>wyst\u0119powaniu w charakterze przedstawiciela i rzecznika spraw podopiecznych szczeg\u00f3lnie niezaradnych \u017cyciowo,<\/li>\n<li>uczeniu racjonalnego gospodarowania posiadanymi \u015brodkami,<\/li>\n<li>pomocy terapeutycznej &#8211; kierowaniu do Poradni Profilaktyki i Terapii Uzale\u017cnie\u0144, Poradni Zdrowia Psychicznego, Poradni Psychologiczno-Pedagogicznej,<\/li>\n<li>pomoc w zatrudnianiu poprzez zarejestrowanie w Powiatowym Urz\u0119dzie Pracy, skierowanie do prac spo\u0142ecznie u\u017cytecznych,<\/li>\n<li>wsp\u00f3\u0142pracy z pedagogami szkolnymi, s\u0105dem rodzinnym, kuratorami zawodowymi i spo\u0142ecznymi, policj\u0105, lekarzami, piel\u0119gniarkami itp.<\/li>\n<\/ol>\n<p>Praca socjalna mo\u017ce by\u0107 prowadzona w oparciu o kontrakt socjalny, a tak\u017ce indywidualny plan pomocy rodzinie.<span style=\"color: #002c5b;\"><strong> Pracownik socjalny we wsp\u00f3\u0142pracy z koordynatorem indywidualnych plan\u00f3w pomocy <\/strong><\/span>opracowuje si\u0119 ocen\u0119 sytuacji osoby lub rodziny oraz formu\u0142uje cele, kt\u00f3re ma osi\u0105gn\u0105\u0107 osoba lub rodzina dla przezwyci\u0119\u017cenia trudnej sytuacji \u017cyciowej. Narz\u0119dzia te okre\u015bla j\u0105 r\u00f3wnie\u017c uprawnienia i zobowi\u0105zania stron, w ramach wsp\u00f3lnie podejmowanych dzia\u0142a\u0144..<\/p>\n<p><em>Odmowa zawarcia lub niedotrzymanie postanowie\u0144 kontraktu przez osob\u0119 lub rodzin\u0119 mo\u017ce stanowi\u0107 podstaw\u0119 do odmowy przyznania \u015bwiadczenia, uchylenia decyzji o przyznaniu \u015bwiadczenia lub wstrzymania \u015bwiadcze\u0144 pieni\u0119\u017cnych z pomocy spo\u0142ecznej.<\/em><\/p>\n","protected":false},"excerpt":{"rendered":"<p>PRACA SOCJALNA Praca socjalna to&nbsp;dzia\u0142alno\u015b\u0107 u\u0142atwiaj\u0105ca jednostkom, grupom, \u015brodowiskom adaptacj\u0119 w zmieniaj\u0105cych si\u0119 warunkach \u017cycia poprzez organizowanie dost\u0119pu do ca\u0142ego systemu us\u0142ug umo\u017cliwiaj\u0105cych w ostatecznym&hellip;<\/p>\n","protected":false},"author":1,"featured_media":0,"parent":0,"menu_order":0,"comment_status":"closed","ping_status":"closed","template":"","meta":{"ngg_post_thumbnail":0,"footnotes":""},"class_list":["post-838","page","type-page","status-publish","hentry"],"_links":{"self":[{"href":"https:\/\/cusstawiski.pl\/index.php?rest_route=\/wp\/v2\/pages\/838","targetHints":{"allow":["GET"]}}],"collection":[{"href":"https:\/\/cusstawiski.pl\/index.php?rest_route=\/wp\/v2\/pages"}],"about":[{"href":"https:\/\/cusstawiski.pl\/index.php?rest_route=\/wp\/v2\/types\/page"}],"author":[{"embeddable":true,"href":"https:\/\/cusstawiski.pl\/index.php?rest_route=\/wp\/v2\/users\/1"}],"replies":[{"embeddable":true,"href":"https:\/\/cusstawiski.pl\/index.php?rest_route=%2Fwp%2Fv2%2Fcomments&post=838"}],"version-history":[{"count":17,"href":"https:\/\/cusstawiski.pl\/index.php?rest_route=\/wp\/v2\/pages\/838\/revisions"}],"predecessor-version":[{"id":2091,"href":"https:\/\/cusstawiski.pl\/index.php?rest_route=\/wp\/v2\/pages\/838\/revisions\/2091"}],"wp:attachment":[{"href":"https:\/\/cusstawiski.pl\/index.php?rest_route=%2Fwp%2Fv2%2Fmedia&parent=838"}],"curies":[{"name":"wp","href":"https:\/\/api.w.org\/{rel}","templated":true}]}}