{"id":969,"date":"2021-10-20T10:25:56","date_gmt":"2021-10-20T08:25:56","guid":{"rendered":"https:\/\/cusstawiski.pl\/?page_id=969"},"modified":"2025-03-26T14:41:51","modified_gmt":"2025-03-26T13:41:51","slug":"zasilek-pielegnacyjny","status":"publish","type":"page","link":"https:\/\/cusstawiski.pl\/?page_id=969","title":{"rendered":"Zasi\u0142ek piel\u0119gnacyjny"},"content":{"rendered":"<h1 style=\"text-align: center;\"><strong>ZASI\u0141EK PIEL\u0118GNACYJNY<\/strong><\/h1>\n<h3><span style=\"color: #002c5b;\"><strong>Zasi\u0142ek piel\u0119gnacyjny przys\u0142uguje:<\/strong><\/span><\/h3>\n<ol>\n<li>niepe\u0142nosprawnemu dziecku;<\/li>\n<li>osobie niepe\u0142nosprawnej w wieku powy\u017cej 16 roku \u017cycia, je\u017celi legitymuje si\u0119 orzeczeniem o znacznym stopniu niepe\u0142nosprawno\u015bci;<\/li>\n<li>osobie, kt\u00f3ra uko\u0144czy\u0142a 75 lat;<\/li>\n<li>osobie niepe\u0142nosprawnej w wieku powy\u017cej 16 roku \u017cycia legitymuj\u0105cej si\u0119 orzeczeniem o umiarkowanym stopniu niepe\u0142nosprawno\u015bci, je\u017celi niepe\u0142nosprawno\u015b\u0107 powsta\u0142a w wieku do uko\u0144czenia 21 roku \u017cycia.<\/li>\n<\/ol>\n<p>Zasi\u0142ek piel\u0119gnacyjny przys\u0142uguje w wysoko\u015bci <span style=\"color: #002c5b;\"><strong>215,84 z\u0142<\/strong><\/span> miesi\u0119cznie<strong>.<\/strong><\/p>\n<p><span style=\"color: #002c5b;\"><strong>Je\u017celi osoba w okresie trzech miesi\u0119cy od wydania orzeczenia o niepe\u0142nosprawno\u015bci lub stopniu niepe\u0142nosprawno\u015bci z\u0142o\u017cy wniosek o ustalenie prawa do \u015bwiadczenia uzale\u017cnionego od niepe\u0142nosprawno\u015bci, prawo do tych \u015bwiadcze\u0144 ustala si\u0119 pocz\u0105wszy od miesi\u0105ca, w kt\u00f3rym wp\u0142yn\u0105\u0142 wniosek o ustalenie niepe\u0142nosprawno\u015bci lub stopnia niepe\u0142nosprawno\u015bci. <\/strong><\/span><\/p>\n<p><span style=\"color: #002c5b;\"><strong>W pozosta\u0142ych przypadkach prawo do \u015bwiadcze\u0144 uzale\u017cnionych&nbsp; od niepe\u0142nosprawno\u015bci ustala si\u0119 od miesi\u0105ca, w kt\u00f3rym wp\u0142yn\u0105\u0142 wniosek o ustalenie prawa do \u015bwiadcze\u0144 wraz z dokumentami.<\/strong><\/span><\/p>\n<p><span style=\"color: #002c5b;\"><strong>Zasi\u0142ek piel\u0119gnacyjny nie przys\u0142uguje, je\u017celi:<\/strong><\/span><\/p>\n<ol>\n<li>osoba zosta\u0142a umieszczona w instytucji zapewniaj\u0105cej ca\u0142odobowe utrzymanie;<\/li>\n<li>osoba jest uprawniona do dodatku piel\u0119gnacyjnego;<\/li>\n<li>cz\u0142onkom rodziny przys\u0142uguj\u0105 za granic\u0105 \u015bwiadczenia na pokrycie wydatk\u00f3w zwi\u0105zanych z piel\u0119gnacj\u0105 osoby, chyba \u017ce przepisy o koordynacji system\u00f3w zabezpieczenia spo\u0142ecznego lub dwustronne umowy o zabezpieczeniu spo\u0142ecznym stanowi\u0105 inaczej.<\/li>\n<\/ol>\n<p>Osobie, kt\u00f3rej przyznano dodatek piel\u0119gnacyjny za okres, za kt\u00f3ry wyp\u0142acono zasi\u0142ek piel\u0119gnacyjny, Zak\u0142ad Ubezpiecze\u0144 Spo\u0142ecznych lub inny organ emerytalny lub rentowy, kt\u00f3ry przyzna\u0142 dodatek piel\u0119gnacyjny, wyp\u0142aca emerytur\u0119 lub rent\u0119 pomniejszon\u0105 o kwot\u0119 odpowiadaj\u0105c\u0105 wysoko\u015bci wyp\u0142aconego za ten okres zasi\u0142ku piel\u0119gnacyjnego i przekazuje t\u0119 kwot\u0119 na rachunek bankowy organu w\u0142a\u015bciwego.<\/p>\n","protected":false},"excerpt":{"rendered":"<p>ZASI\u0141EK PIEL\u0118GNACYJNY Zasi\u0142ek piel\u0119gnacyjny przys\u0142uguje: niepe\u0142nosprawnemu dziecku; osobie niepe\u0142nosprawnej w wieku powy\u017cej 16 roku \u017cycia, je\u017celi legitymuje si\u0119 orzeczeniem o znacznym stopniu niepe\u0142nosprawno\u015bci; osobie, kt\u00f3ra&hellip;<\/p>\n","protected":false},"author":1,"featured_media":0,"parent":0,"menu_order":0,"comment_status":"closed","ping_status":"closed","template":"","meta":{"ngg_post_thumbnail":0,"footnotes":""},"class_list":["post-969","page","type-page","status-publish","hentry"],"_links":{"self":[{"href":"https:\/\/cusstawiski.pl\/index.php?rest_route=\/wp\/v2\/pages\/969","targetHints":{"allow":["GET"]}}],"collection":[{"href":"https:\/\/cusstawiski.pl\/index.php?rest_route=\/wp\/v2\/pages"}],"about":[{"href":"https:\/\/cusstawiski.pl\/index.php?rest_route=\/wp\/v2\/types\/page"}],"author":[{"embeddable":true,"href":"https:\/\/cusstawiski.pl\/index.php?rest_route=\/wp\/v2\/users\/1"}],"replies":[{"embeddable":true,"href":"https:\/\/cusstawiski.pl\/index.php?rest_route=%2Fwp%2Fv2%2Fcomments&post=969"}],"version-history":[{"count":5,"href":"https:\/\/cusstawiski.pl\/index.php?rest_route=\/wp\/v2\/pages\/969\/revisions"}],"predecessor-version":[{"id":3933,"href":"https:\/\/cusstawiski.pl\/index.php?rest_route=\/wp\/v2\/pages\/969\/revisions\/3933"}],"wp:attachment":[{"href":"https:\/\/cusstawiski.pl\/index.php?rest_route=%2Fwp%2Fv2%2Fmedia&parent=969"}],"curies":[{"name":"wp","href":"https:\/\/api.w.org\/{rel}","templated":true}]}}