{"id":974,"date":"2021-10-20T10:33:38","date_gmt":"2021-10-20T08:33:38","guid":{"rendered":"https:\/\/cusstawiski.pl\/?page_id=974"},"modified":"2025-03-26T14:56:22","modified_gmt":"2025-03-26T13:56:22","slug":"swiadczenie-pielegnacyjne","status":"publish","type":"page","link":"https:\/\/cusstawiski.pl\/?page_id=974","title":{"rendered":"\u015awiadczenie piel\u0119gnacyjne"},"content":{"rendered":"<h1 style=\"text-align: center;\"><strong>\u015aWIADCZENIE PIEL\u0118GNACYJNE<\/strong><\/h1>\n<h2><strong>&#8222;Stare&#8221; \u015bwiadczenie piel\u0119gnacyjne na zasadach obowi\u0105zuj\u0105cych do 31 grudnia 2023 r. <\/strong><\/h2>\n<p>\u015awiadczenie piel\u0119gnacyjne na zasadach obowi\u0105zuj\u0105cych do dnia 31 grudnia 2023 r. by\u0142o przeznaczone dla opiekun\u00f3w, kt\u00f3rzy nie podejmowali lub rezygnowali z zatrudnienia lub innej pracy zarobkowej w celu podj\u0119cia opieki nad powa\u017cnie niepe\u0142nosprawnym cz\u0142onkiem rodziny, niezale\u017cnie od wieku podopiecznego.<\/p>\n<p>&nbsp;Z dniem 1 stycznia 2024 r. wesz\u0142a w \u017cycie ustawa o \u015bwiadczeniu wspieraj\u0105cym, kt\u00f3ra zmieni\u0142a r\u00f3wnie\u017c zasady pobierania \u015bwiadczenia piel\u0119gnacyjnego.<\/p>\n<p>W sprawach o \u015bwiadczenia piel\u0119gnacyjne, do kt\u00f3rych prawo powsta\u0142o do dnia 31 grudnia 2023 r., stosuje si\u0119 przepisy dotychczasowe. Opiekunowie, kt\u00f3rzy przed 1 stycznia 2024 r. mieli przyznane&nbsp; prawo &nbsp;do \u015bwiadczenia piel\u0119gnacyjnego b\u0105d\u017a prawo to zosta\u0142o przyznane po 1 stycznia 2024 r. na dotychczasowych zasadach, zachowuj\u0105 prawo do \u015bwiadczenia piel\u0119gnacyjnego na zasadach obowi\u0105zuj\u0105cych do dnia 31 grudnia 2023 r., nie d\u0142u\u017cej jednak ni\u017c do ko\u0144ca okresu, na kt\u00f3ry prawo zosta\u0142o przyznane. Warunkiem zachowania prawa do \u015bwiadczenia jest z\u0142o\u017cenie wniosku o nowe orzeczenie o stopniu niepe\u0142nosprawno\u015bci albo o niepe\u0142nosprawno\u015bci w terminie 3 miesi\u0119cy od dnia nast\u0119puj\u0105cego po dniu, w kt\u00f3rym up\u0142yn\u0105\u0142 termin wa\u017cno\u015bci dotychczasowego orzeczenia o stopniu niepe\u0142nosprawno\u015bci albo orzeczenia o niepe\u0142nosprawno\u015bci, a nast\u0119pnie z\u0142o\u017cenie wniosku o ustalenie prawa do \u015bwiadczenia piel\u0119gnacyjnego.<\/p>\n<p><span style=\"color: #002c5b;\"><strong>Wyp\u0142ata \u015bwiadczenia piel\u0119gnacyjnego zostanie wstrzymana,&nbsp;je\u017celi osoba wymagaj\u0105ca opieki lub osoba uprawniona do jej reprezentowania z\u0142o\u017cy\u0142a wniosek o ustalenie prawa do \u015bwiadczenia wspieraj\u0105cego. <\/strong><\/span><\/p>\n<h2><strong>&#8222;Nowe&#8221; \u015bwiadczenie piel\u0119gnacyjne na zasadach obowi\u0105zuj\u0105cych od 01 stycznia 2024 r. <\/strong><\/h2>\n<p><span style=\"color: #002c5b;\"><strong>&nbsp;<\/strong><strong>\u015awiadczenie piel\u0119gnacyjne przys\u0142uguje:<\/strong><\/span><\/p>\n<ol>\n<li>matce albo ojcu,<\/li>\n<li>innym osobom, na kt\u00f3rych zgodnie z przepisami ustawy z dnia 25 lutego 1964 r. &#8211; Kodeks rodzinny i opieku\u0144czy ci\u0105\u017cy obowi\u0105zek alimentacyjny, a tak\u017ce ma\u0142\u017conkom,<\/li>\n<li>opiekunowi faktycznemu dziecka,<\/li>\n<li>rodzinie zast\u0119pczej, osobie prowadz\u0105cej rodzinny dom dziecka, dyrektorowi plac\u00f3wki opieku\u0144czo-wychowawczej, dyrektorowi regionalnej plac\u00f3wki opieku\u0144czo-terapeutycznej albo dyrektorowi interwencyjnego o\u015brodka preadopcyjnego.<br \/>\n<span style=\"color: #002c5b;\">&#8211; <strong>je\u017celi sprawuj\u0105 opiek\u0119 nad osob\u0105<\/strong> <strong>w wieku do uko\u0144czenia 18. roku \u017cycia<\/strong><\/span> legitymuj\u0105c\u0105 si\u0119 orzeczeniem o znacznym stopniu niepe\u0142nosprawno\u015bci albo orzeczeniem o niepe\u0142nosprawno\u015bci \u0142\u0105cznie ze wskazaniami: konieczno\u015bci sta\u0142ej lub d\u0142ugotrwa\u0142ej opieki lub pomocy innej osoby w zwi\u0105zku ze znacznie ograniczon\u0105 mo\u017cliwo\u015bci\u0105 samodzielnej egzystencji oraz konieczno\u015bci sta\u0142ego wsp\u00f3\u0142udzia\u0142u na co dzie\u0144 opiekuna dziecka w procesie jego leczenia, rehabilitacji i edukacji.<\/li>\n<\/ol>\n<p>\u015awiadczenie piel\u0119gnacyjne przys\u0142uguje w wysoko\u015bci <span style=\"color: #002c5b;\"><strong>3287,00 z\u0142 miesi\u0119cznie. <\/strong><\/span>Kwota \u015bwiadczenia piel\u0119gnacyjnego podlega corocznej waloryzacji od dnia 1 stycznia. Waloryzacja polega na zwi\u0119kszeniu kwoty \u015bwiadczenia piel\u0119gnacyjnego o wska\u017anik waloryzacji. Wska\u017anikiem waloryzacji jest procentowy wzrost minimalnego wynagrodzenia za prac\u0119, o kt\u00f3rym mowa w ustawie z dnia 10 pa\u017adziernika 2002 r. o minimalnym wynagrodzeniu za prac\u0119, obowi\u0105zuj\u0105cego na dzie\u0144 1 stycznia roku, w kt\u00f3rym jest przeprowadzana waloryzacja, w stosunku do wysoko\u015bci minimalnego wynagrodzenia za prac\u0119 obowi\u0105zuj\u0105cej w dniu 1 stycznia roku poprzedzaj\u0105cego rok, w kt\u00f3rym jest przeprowadzana waloryzacja.<\/p>\n<p><span style=\"color: #002c5b;\"><strong>\u015awiadczenie piel\u0119gnacyjne nie przys\u0142uguje, je\u017celi:<\/strong><\/span><\/p>\n<ol>\n<li>osoba sprawuj\u0105ca opiek\u0119 ma ustalone prawo do specjalnego zasi\u0142ku opieku\u0144czego, \u015bwiadczenia piel\u0119gnacyjnego lub zasi\u0142ku dla opiekuna, o kt\u00f3rym mowa w ustawie z dnia 4 kwietnia 2014 r. o ustaleniu i wyp\u0142acie zasi\u0142k\u00f3w dla opiekun\u00f3w;<\/li>\n<li>osoba wymagaj\u0105ca opieki zosta\u0142a umieszczona lub przebywa w domu pomocy spo\u0142ecznej, zak\u0142adzie opieku\u0144czo-leczniczym, zak\u0142adzie piel\u0119gnacyjno-opieku\u0144czym, plac\u00f3wce zapewniaj\u0105cej ca\u0142odobow\u0105 opiek\u0119 osobom niepe\u0142nosprawnym, przewlekle chorym lub osobom w podesz\u0142ym wieku, o kt\u00f3rej mowa w przepisach o pomocy spo\u0142ecznej, zak\u0142adzie karnym, zak\u0142adzie poprawczym, areszcie \u015bledczym albo schronisku dla nieletnich;<\/li>\n<li>osoba wymagaj\u0105ca opieki jest uprawniona za granic\u0105 do \u015bwiadczenia na pokrycie wydatk\u00f3w zwi\u0105zanych z opiek\u0105, chyba \u017ce przepisy o koordynacji system\u00f3w zabezpieczenia spo\u0142ecznego lub dwustronne umowy o zabezpieczeniu spo\u0142ecznym stanowi\u0105 inaczej;<\/li>\n<li>na osob\u0119 wymagaj\u0105c\u0105 opieki inna osoba jest uprawniona za granic\u0105 do \u015bwiadczenia na pokrycie wydatk\u00f3w zwi\u0105zanych z opiek\u0105, chyba \u017ce przepisy o koordynacji system\u00f3w zabezpieczenia spo\u0142ecznego lub dwustronne umowy o zabezpieczeniu spo\u0142ecznym stanowi\u0105 inaczej;<\/li>\n<li>na osob\u0119 wymagaj\u0105c\u0105 opieki jest ustalone prawo do specjalnego zasi\u0142ku opieku\u0144czego, prawo do \u015bwiadczenia piel\u0119gnacyjnego lub prawo do zasi\u0142ku dla opiekuna, o kt\u00f3rym mowa w ustawie z dnia 4 kwietnia 2014 r. o ustaleniu i wyp\u0142acie zasi\u0142k\u00f3w dla opiekun\u00f3w.<\/li>\n<\/ol>\n<h3><strong>Do wniosku o ustalenie prawa do \u015bwiadczenia piel\u0119gnacyjnego nale\u017cy do\u0142\u0105czy\u0107<\/strong>:<\/h3>\n<ol>\n<li>o\u015bwiadczenie wnioskodawcy lub za\u015bwiadczenie plac\u00f3wki zapewniaj\u0105cej ca\u0142odobow\u0105 opiek\u0119, w przypadku umieszczenia w niej dziecka, o liczbie dni w tygodniu, w kt\u00f3rych korzysta&nbsp; w niej z ca\u0142odobowej opieki, albo o\u015bwiadczenie&nbsp; o niekorzystaniu&nbsp; przez wi\u0119cej ni\u017c 5 dni w tygodniu z ca\u0142odobowej opieki nad dzieckiem umieszczonym w plac\u00f3wce zapewniaj\u0105cej&nbsp; ca\u0142odobow\u0105 opiek\u0119, w tym w specjalnym o\u015brodku szkolno-wychowawczym;<\/li>\n<li>inne dokumenty lub o\u015bwiadczenia niezb\u0119dne do ustalenia prawa do \u015bwiadczenia piel\u0119gnacyjnego.<\/li>\n<\/ol>\n","protected":false},"excerpt":{"rendered":"<p>\u015aWIADCZENIE PIEL\u0118GNACYJNE &#8222;Stare&#8221; \u015bwiadczenie piel\u0119gnacyjne na zasadach obowi\u0105zuj\u0105cych do 31 grudnia 2023 r. \u015awiadczenie piel\u0119gnacyjne na zasadach obowi\u0105zuj\u0105cych do dnia 31 grudnia 2023 r. by\u0142o&hellip;<\/p>\n","protected":false},"author":1,"featured_media":0,"parent":0,"menu_order":0,"comment_status":"closed","ping_status":"closed","template":"","meta":{"ngg_post_thumbnail":0,"footnotes":""},"class_list":["post-974","page","type-page","status-publish","hentry"],"_links":{"self":[{"href":"https:\/\/cusstawiski.pl\/index.php?rest_route=\/wp\/v2\/pages\/974","targetHints":{"allow":["GET"]}}],"collection":[{"href":"https:\/\/cusstawiski.pl\/index.php?rest_route=\/wp\/v2\/pages"}],"about":[{"href":"https:\/\/cusstawiski.pl\/index.php?rest_route=\/wp\/v2\/types\/page"}],"author":[{"embeddable":true,"href":"https:\/\/cusstawiski.pl\/index.php?rest_route=\/wp\/v2\/users\/1"}],"replies":[{"embeddable":true,"href":"https:\/\/cusstawiski.pl\/index.php?rest_route=%2Fwp%2Fv2%2Fcomments&post=974"}],"version-history":[{"count":6,"href":"https:\/\/cusstawiski.pl\/index.php?rest_route=\/wp\/v2\/pages\/974\/revisions"}],"predecessor-version":[{"id":3938,"href":"https:\/\/cusstawiski.pl\/index.php?rest_route=\/wp\/v2\/pages\/974\/revisions\/3938"}],"wp:attachment":[{"href":"https:\/\/cusstawiski.pl\/index.php?rest_route=%2Fwp%2Fv2%2Fmedia&parent=974"}],"curies":[{"name":"wp","href":"https:\/\/api.w.org\/{rel}","templated":true}]}}